{"id":2193,"date":"2021-02-18T18:19:19","date_gmt":"2021-02-18T18:19:19","guid":{"rendered":"http:\/\/meiochile.matthewlee.org\/?page_id=2193"},"modified":"2021-02-18T18:19:19","modified_gmt":"2021-02-18T18:19:19","slug":"entoprocta","status":"publish","type":"page","link":"https:\/\/meiochile.matthewlee.org\/?page_id=2193","title":{"rendered":"Entoprocta"},"content":{"rendered":"<p>De las m\u00e1s de 200 especies de Entoprocta descritas, solo 2 son meiofauna, aunque hay algunas otras especies candidatas no descritas. <em>Loxosoma isolata<\/em>, basado en un solo esp\u00e9cimen encontrado en el mar Adri\u00e1tico frente a Croacia; y <em>Loxosomella vancouverensis<\/em>, basado en tres espec\u00edmenes encontrados en la isla de Vancouver, Canad\u00e1.<\/p>\n<figure id=\"attachment_2194\" aria-describedby=\"caption-attachment-2194\" style=\"width: 600px\" class=\"wp-caption aligncenter\"><a href=\"http:\/\/meiochile.matthewlee.org\/wp-content\/uploads\/2021\/02\/Loxosomella_sp_Tenglo_Est4_x100_Jan2020_020-1.jpg\"><img loading=\"lazy\" decoding=\"async\" class=\"size-full wp-image-2194\" src=\"http:\/\/meiochile.matthewlee.org\/wp-content\/uploads\/2021\/02\/Loxosomella_sp_Tenglo_Est4_x100_Jan2020_020-1.jpg\" alt=\"\" width=\"600\" height=\"903\" srcset=\"https:\/\/meiochile.matthewlee.org\/wp-content\/uploads\/2021\/02\/Loxosomella_sp_Tenglo_Est4_x100_Jan2020_020-1.jpg 600w, https:\/\/meiochile.matthewlee.org\/wp-content\/uploads\/2021\/02\/Loxosomella_sp_Tenglo_Est4_x100_Jan2020_020-1-199x300.jpg 199w\" sizes=\"auto, (max-width: 600px) 100vw, 600px\" \/><\/a><figcaption id=\"caption-attachment-2194\" class=\"wp-caption-text\"><em>Loxosomella<\/em> sp. dede el Canal Tenglo, Puerto Montt, Chile.<\/figcaption><\/figure>\n<p>En enero de 2020 encontr\u00e9 46 ejemplares de una nueva especie de Entoprocta: <em>Loxosomella<\/em> sp. Las muestras se recolectaron del Canal Tenglo, Puerto Montt en el sur de Chile,\u00a0a una profundidad de 15-20 m. El esp\u00e9cimen que se muestra tiene una larva en desarrollo adherida (lado izquierdo).<\/p>\n","protected":false},"excerpt":{"rendered":"<p>De las m\u00e1s de 200 especies de Entoprocta descritas, solo 2 son meiofauna, aunque hay algunas otras especies candidatas no descritas. Loxosoma isolata, basado en un solo esp\u00e9cimen encontrado en el mar Adri\u00e1tico frente a Croacia; y Loxosomella vancouverensis, basado en tres espec\u00edmenes encontrados en la isla de Vancouver, Canad\u00e1. En enero de 2020 encontr\u00e9 [&hellip;]<\/p>\n","protected":false},"author":1,"featured_media":0,"parent":91,"menu_order":0,"comment_status":"closed","ping_status":"closed","template":"","meta":{"footnotes":""},"class_list":["post-2193","page","type-page","status-publish","czr-hentry"],"_links":{"self":[{"href":"https:\/\/meiochile.matthewlee.org\/index.php?rest_route=\/wp\/v2\/pages\/2193","targetHints":{"allow":["GET"]}}],"collection":[{"href":"https:\/\/meiochile.matthewlee.org\/index.php?rest_route=\/wp\/v2\/pages"}],"about":[{"href":"https:\/\/meiochile.matthewlee.org\/index.php?rest_route=\/wp\/v2\/types\/page"}],"author":[{"embeddable":true,"href":"https:\/\/meiochile.matthewlee.org\/index.php?rest_route=\/wp\/v2\/users\/1"}],"replies":[{"embeddable":true,"href":"https:\/\/meiochile.matthewlee.org\/index.php?rest_route=%2Fwp%2Fv2%2Fcomments&post=2193"}],"version-history":[{"count":1,"href":"https:\/\/meiochile.matthewlee.org\/index.php?rest_route=\/wp\/v2\/pages\/2193\/revisions"}],"predecessor-version":[{"id":2195,"href":"https:\/\/meiochile.matthewlee.org\/index.php?rest_route=\/wp\/v2\/pages\/2193\/revisions\/2195"}],"up":[{"embeddable":true,"href":"https:\/\/meiochile.matthewlee.org\/index.php?rest_route=\/wp\/v2\/pages\/91"}],"wp:attachment":[{"href":"https:\/\/meiochile.matthewlee.org\/index.php?rest_route=%2Fwp%2Fv2%2Fmedia&parent=2193"}],"curies":[{"name":"wp","href":"https:\/\/api.w.org\/{rel}","templated":true}]}}