{"id":291,"date":"2016-06-07T01:14:37","date_gmt":"2016-06-07T01:14:37","guid":{"rendered":"http:\/\/newsite.matthewlee.org\/?page_id=291"},"modified":"2016-09-02T18:21:07","modified_gmt":"2016-09-02T18:21:07","slug":"riqueza-de-especies-y-abundancia","status":"publish","type":"page","link":"https:\/\/meiochile.matthewlee.org\/?page_id=291","title":{"rendered":"Riqueza de Especies y Abundancia"},"content":{"rendered":"<p style=\"text-align: justify;\">Muestras cuantitativas de playas arenosas expuestas tomadas entre 18 y 42 \u00b0S fueron analizadas. El an\u00e1lisis incorpora los datos de 66 sitios (330 muestras). La riqueza de especies del ensamblaje de nematodos de playas arenosas expuestas disminuy\u00f3 con aumentos de la latitud (Fig. 1). La correlaci\u00f3n de Pearson (-0.582, p = 0.005) y la regresi\u00f3n \u2018ordinarly least squares\u2019 an\u00e1lisis (R<sup>2<\/sup> = 0.160, p &lt; 0.001) indican que esta relaci\u00f3n fue significativa. Para asegurar que el patr\u00f3n no fue un artefacto del mes del a\u00f1o en que las muestras fueron tomadas un variable S.Time fue creada con una escala entre 1 y 12, donde meses de verano tuvieron valores bajos y meses de invierno tuvieron valores altos. La correlaci\u00f3n de Pearson (0.022, p = 0.916) indica que el patr\u00f3n no fue un producto del mes de muestreo. La riqueza de especies vario entre 1 y 22 especies por sitio, o entre 3 (41 \u00b0S) y 41 (22 \u00b0S) especies por grado de latitud entre 18 y 42 \u00b0S. En total 158 especies de nematodos fueron identificados, dentro 99 genera y 32 familias. Las familias con las distribuciones m\u00e1s amplias fueron Thoracostomopsidae, Oncholaimidae, Chromadoridae, Desmadoridae, Microlaimidae, Xyalidae y Axonolaimidae. Las especies con las distribuciones m\u00e1s amplias fueron <em>Enoplolaimus connexus<\/em>, <em>Nygmatonchus fossiferus<\/em>,<em>Onyx septimpapillatus<\/em>, <em>Microlaimus sensus<\/em>, <em>Omicronema litorium<\/em>, <em>Promonhysteria tricuspidata<\/em>, <em>Rhynchonema cincitium<\/em>, <em>Theristus modicus<\/em>, <em>Theristus problematicus<\/em> and<em>Odontophora peritricha<\/em>. Una estimaci\u00f3n de la riqueza de especies potencial usando el an\u00e1lisis Chao2 predijo la riqueza de especies verdadera ser\u00eda 246 especies, con un C.I. de 29 especies.<\/p>\n<p style=\"text-align: justify;\"><a href=\"http:\/\/meiochile.matthewlee.org\/wp-content\/uploads\/2016\/06\/fig1_es.png\"><img loading=\"lazy\" decoding=\"async\" class=\"aligncenter size-full wp-image-435\" src=\"http:\/\/meiochile.matthewlee.org\/wp-content\/uploads\/2016\/06\/fig1_es.png\" alt=\"fig1_es\" width=\"593\" height=\"416\" srcset=\"https:\/\/meiochile.matthewlee.org\/wp-content\/uploads\/2016\/06\/fig1_es.png 593w, https:\/\/meiochile.matthewlee.org\/wp-content\/uploads\/2016\/06\/fig1_es-300x210.png 300w\" sizes=\"auto, (max-width: 593px) 100vw, 593px\" \/><\/a><\/p>\n<p style=\"text-align: justify;\">\n<p style=\"text-align: justify;\">La abundancia del ensamble de nematodos presentes en las playas arenosas expuestas entre 18 y 42 \u00b0S tambi\u00e9n disminuy\u00f3 con aumentos en latitud (Fig. 2). Los datos de abundancia fueron transformados (Log(N)). La correlaci\u00f3n de Pearson (-0.632, p &lt; 0.001) y la regresi\u00f3n \u2018ordinarly least squares\u2019 an\u00e1lisis (R<sup>2<\/sup> = 0.390, p &lt; 0.001) indica que esta relaci\u00f3n fue significativa. La correlaci\u00f3n de Pearson con S.Time (0.088, p = 0.688) indica que el patr\u00f3n no fue producto del mes de muestreo. La abundancia promedio de nematodos por sitio vari\u00f3 entre 3 y 1789 ind\u00b750 cm<sup>-3<\/sup> o por grado de latitud entre 11.6 (41 \u00b0S) y 986.2 (28 \u00b0S) ind\u00b750 cm<sup>-3<\/sup>. Las abundancias de aquellas especies registradas en diez o m\u00e1s sitios fueron analizados con an\u00e1lisis de regresi\u00f3n por cuart\u00edl. En el cuart\u00edl 95 <em>O. peritricha<\/em>, <em>Halalaimus<\/em> sp., <em>Mononcholaimus seperablis<\/em>, <em>Oncholaimus flexus<\/em>, <em>Enoploides reductus<\/em> y <em>Euchromadora amokurae<\/em> mostr\u00f3 disminuciones en sus abundancias hacia el polo sur, el mismo fue el caso con abundancia total de nematodos. En el cuart\u00edl 90 <em>O. peritricha<\/em>, <em>O. septempapillatus<\/em>, <em>Epsilonema<\/em> sp., <em>M. seperablis<\/em>, <em>O. flexus<\/em>, <em>E. reductus<\/em>,<em>Chromadora quadrilineoides<\/em>, <em>E. amokurae<\/em>, <em>M. sensus<\/em> y <em>Theristus megalaimoides<\/em> mostr\u00f3 disminuciones en sus abundancias hacia el sur. Lo mismo fue el caso con la abundancia total de nematodos. En cambio, en el cuart\u00edl 90 <em>O. litorium<\/em> y <em>Mesocanthion ungulatus<\/em>mostraron aumentos en sus abundancias hacia el sur.<\/p>\n<p style=\"text-align: justify;\"><a href=\"http:\/\/meiochile.matthewlee.org\/wp-content\/uploads\/2016\/06\/fig2_es.png\"><img loading=\"lazy\" decoding=\"async\" class=\"aligncenter size-full wp-image-436\" src=\"http:\/\/meiochile.matthewlee.org\/wp-content\/uploads\/2016\/06\/fig2_es.png\" alt=\"fig2_es\" width=\"508\" height=\"398\" srcset=\"https:\/\/meiochile.matthewlee.org\/wp-content\/uploads\/2016\/06\/fig2_es.png 508w, https:\/\/meiochile.matthewlee.org\/wp-content\/uploads\/2016\/06\/fig2_es-300x235.png 300w\" sizes=\"auto, (max-width: 508px) 100vw, 508px\" \/><\/a><\/p>\n<p style=\"text-align: justify;\">\n<p style=\"text-align: justify;\">Las medidas de diversidad, indicie de Simpson (1-\u03bb), homogeneidad de Pielou (J\u2019), y diferenciabilidad taxon\u00f3mica (\u0394), no mostr\u00f3 patrones latitudinales, indicando poco variabilidad latitudinal en la disponibilidad de nichos en playas arenosas expuestas.<\/p>\n","protected":false},"excerpt":{"rendered":"<p>Muestras cuantitativas de playas arenosas expuestas tomadas entre 18 y 42 \u00b0S fueron analizadas. El an\u00e1lisis incorpora los datos de 66 sitios (330 muestras). La riqueza de especies del ensamblaje de nematodos de playas arenosas expuestas disminuy\u00f3 con aumentos de la latitud (Fig. 1). La correlaci\u00f3n de Pearson (-0.582, p = 0.005) y la regresi\u00f3n [&hellip;]<\/p>\n","protected":false},"author":1,"featured_media":0,"parent":275,"menu_order":0,"comment_status":"closed","ping_status":"closed","template":"","meta":{"footnotes":""},"class_list":["post-291","page","type-page","status-publish","czr-hentry"],"_links":{"self":[{"href":"https:\/\/meiochile.matthewlee.org\/index.php?rest_route=\/wp\/v2\/pages\/291","targetHints":{"allow":["GET"]}}],"collection":[{"href":"https:\/\/meiochile.matthewlee.org\/index.php?rest_route=\/wp\/v2\/pages"}],"about":[{"href":"https:\/\/meiochile.matthewlee.org\/index.php?rest_route=\/wp\/v2\/types\/page"}],"author":[{"embeddable":true,"href":"https:\/\/meiochile.matthewlee.org\/index.php?rest_route=\/wp\/v2\/users\/1"}],"replies":[{"embeddable":true,"href":"https:\/\/meiochile.matthewlee.org\/index.php?rest_route=%2Fwp%2Fv2%2Fcomments&post=291"}],"version-history":[{"count":3,"href":"https:\/\/meiochile.matthewlee.org\/index.php?rest_route=\/wp\/v2\/pages\/291\/revisions"}],"predecessor-version":[{"id":437,"href":"https:\/\/meiochile.matthewlee.org\/index.php?rest_route=\/wp\/v2\/pages\/291\/revisions\/437"}],"up":[{"embeddable":true,"href":"https:\/\/meiochile.matthewlee.org\/index.php?rest_route=\/wp\/v2\/pages\/275"}],"wp:attachment":[{"href":"https:\/\/meiochile.matthewlee.org\/index.php?rest_route=%2Fwp%2Fv2%2Fmedia&parent=291"}],"curies":[{"name":"wp","href":"https:\/\/api.w.org\/{rel}","templated":true}]}}