{"id":310,"date":"2016-06-07T01:26:14","date_gmt":"2016-06-07T01:26:14","guid":{"rendered":"http:\/\/newsite.matthewlee.org\/?page_id=310"},"modified":"2016-06-07T01:26:14","modified_gmt":"2016-06-07T01:26:14","slug":"relacion-entre-los-patrones-macroecologicos-observados-y-variables-ambientales","status":"publish","type":"page","link":"https:\/\/meiochile.matthewlee.org\/?page_id=310","title":{"rendered":"Relaci\u00f3n entre los Patrones Macroecologicos Observados y Variables Ambientales"},"content":{"rendered":"<p style=\"text-align: justify;\"><em>La relaci\u00f3n entre\u00a0los patrones macroecologicos observados a los cambios en la temperatura de la superficie del mar (SST), productividad primaria (Chl-a), y complejidad de la costa (D), a lo largo de la costa de Chile<\/em><\/p>\n<p style=\"text-align: justify;\">La temperatura superficial del mar (SST), productividad primaria (PP) y complejidad de la costa (D) estuvieron todos muy asociados con latitud (Correlaciones de Pearson; SST: -0.992, p = 0.000; PP: 0.615, p &lt; 0.001; D: 0.547, p = 0.004). El promedio anual de SST disminuy\u00f3 desde 20.62 a 12.79 \u00b0C con aumentos de latitud desde 18 \u00b0S a 42 \u00b0S. El promedio anual en PP aumento desde 1024.25 a 2596.25 mgC\u00b7m<sup>-2<\/sup>\u00b7day<sup>-1<\/sup> con aumentos de latitud entre 18 \u00b0S a 42 \u00b0S. La complejidad de la costa, medida como el dimensi\u00f3n fractal (D), aument\u00f3 desde 2.02 a 2.15 con aumentos de latitud \u00a0entre 18 \u00b0S y 42 \u00b0S. La costa m\u00e1s al sur de los 40\u00b0 es altamente m\u00e1s compleja con un sistema de canales, fiordos y islas. El valor m\u00e1s alto de D (2.59) se registr\u00f3 en la latitud 51 \u00b0S.<\/p>\n<p style=\"text-align: justify;\">La riqueza de especies de nematodos en playas arenosas expuestas disminuy\u00f3 con disminuciones de SST. La riqueza de especies tambi\u00e9n disminuy\u00f3 con aumentos de PP y D. El an\u00e1lisis de regresi\u00f3n OLS y el modelo de autoregresivo simultaneo (SAR<sub>err<\/sub>) encontraron una relaci\u00f3n significativa entre la riqueza de especies y SST y el tama\u00f1o promedio en el rango de distribuci\u00f3n (Tabla 1). Usando el criterio de informaci\u00f3n Akaike (\u0394AIC &lt; 2) el modelo con m\u00e1s apoy\u00f3 fue la regla de Rapoport. Las pendientes similares en ambos an\u00e1lisis, OLS y SAR<sub>err<\/sub> indican que los resultados son robustos con respecto de autocorrelaci\u00f3n espacial.<\/p>\n<table border=\"0\" align=\"center\">\n<caption>Tabla 1. Resumen de los resultados del las analisis regresiones de OLS y SAR<sub>err<\/sub> entre riqueza de especies y variables ambientales: temperature del surficio del mar (SST), productividad primaria (PP), complejidad de la costa (D), tama\u00f1o promedio del rango de distribuci\u00f3n latitudinal\u00a0(MLR). AIC = criterio de informaci\u00f3n Akaike. Numeros en <strong>negro<\/strong> estan significativa estadisticamente.<\/caption>\n<tbody>\n<tr align=\"center\">\n<td style=\"text-align: center;\"><strong>Variable<\/strong><\/td>\n<td style=\"text-align: center;\"><strong>OLS<\/strong><\/td>\n<td style=\"text-align: center;\"><\/td>\n<td style=\"text-align: center;\"><\/td>\n<td style=\"text-align: center;\"><strong>SAR<sub>err<\/sub><\/strong><\/td>\n<td style=\"text-align: center;\"><\/td>\n<\/tr>\n<tr align=\"center\">\n<td style=\"text-align: center;\"><strong>Explanatorio<\/strong><\/td>\n<td style=\"text-align: center;\"><strong>Pediente<\/strong><\/td>\n<td style=\"text-align: center;\"><strong>R<sup>2<\/sup><\/strong><\/td>\n<td style=\"text-align: center;\"><strong>\u0394AIC<\/strong><\/td>\n<td style=\"text-align: center;\"><strong>Pendiente<\/strong><\/td>\n<td style=\"text-align: center;\"><strong>\u0394AIC<\/strong><\/td>\n<\/tr>\n<tr>\n<td style=\"text-align: center;\">SST<\/td>\n<td style=\"text-align: center;\"><strong>2.13<\/strong><\/td>\n<td style=\"text-align: center;\">0.29<\/td>\n<td style=\"text-align: center;\">10.63<\/td>\n<td style=\"text-align: center;\"><strong>1.98<\/strong><\/td>\n<td style=\"text-align: center;\">8.48<\/td>\n<\/tr>\n<tr>\n<td style=\"text-align: center;\">PP<\/td>\n<td style=\"text-align: center;\">-0.01<\/td>\n<td style=\"text-align: center;\">0.07<\/td>\n<td style=\"text-align: center;\">17.48<\/td>\n<td style=\"text-align: center;\">0.00<\/td>\n<td style=\"text-align: center;\">7.15<\/td>\n<\/tr>\n<tr>\n<td style=\"text-align: center;\">D<\/td>\n<td style=\"text-align: center;\">-64.23<\/td>\n<td style=\"text-align: center;\">0.27<\/td>\n<td style=\"text-align: center;\">11.45<\/td>\n<td style=\"text-align: center;\">-44.10<\/td>\n<td style=\"text-align: center;\">7.76<\/td>\n<\/tr>\n<tr>\n<td style=\"text-align: center;\">MLR<\/td>\n<td style=\"text-align: center;\"><strong>-4.88<\/strong><\/td>\n<td style=\"text-align: center;\">0.54<\/td>\n<td style=\"text-align: center;\">0.00<\/td>\n<td style=\"text-align: center;\">-4.30<\/td>\n<td style=\"text-align: center;\">0.00<\/td>\n<\/tr>\n<\/tbody>\n<\/table>\n<p style=\"text-align: justify;\">\n<p style=\"text-align: justify;\">La abundancia de nematodos en playas arenosas expuestas aument\u00f3 con aumentos de SST. Por otro lado, la abundancia de nematodos disminuyo con aumentos de PP y D. El an\u00e1lisis de regresi\u00f3n OLS y el modelo de autoregresivo simult\u00e1neo (SAR<sub>err<\/sub>) registr\u00f3 una relaci\u00f3n significativa entre la abundancia y SST y PP (Tabla 2). Usando el criterio de informaci\u00f3n Akaike (\u0394AIC &lt; 2) el modelo con m\u00e1s apoyo fue SST (hip\u00f3tesis de energ\u00eda ambiente). Pero al controlar por autocorrelaci\u00f3n espacial el modelo m\u00e1s apoyado es PP (hip\u00f3tesis de productividad).<\/p>\n<table border=\"0\" align=\"center\">\n<caption>Tabla 2. Resumen de los resultados del las analisis regresiones de OLS y SAR<sub>err<\/sub> entre abindancia y variables ambientales: temperature del surficio del mar (SST), productividad primaria (PP), complejidad de la costa (D), tama\u00f1o promedio del rango de distribuci\u00f3n latitudinal\u00a0(MLR). AIC = criterio de informaci\u00f3n Akaike. Numeros en\u00a0<strong>negro<\/strong> estan significativa estadisticamente.<\/caption>\n<tbody>\n<tr style=\"text-align: justify;\" align=\"center\">\n<td style=\"text-align: center;\"><strong>Variable<\/strong><\/td>\n<td style=\"text-align: center;\"><strong>OLS<\/strong><\/td>\n<td style=\"text-align: center;\"><\/td>\n<td style=\"text-align: center;\"><\/td>\n<td style=\"text-align: center;\"><strong>SAR<sub>err<\/sub><\/strong><\/td>\n<td style=\"text-align: center;\"><\/td>\n<\/tr>\n<tr style=\"text-align: justify;\" align=\"center\">\n<td style=\"text-align: center;\"><strong>Explanatorio<\/strong><\/td>\n<td style=\"text-align: center;\"><strong>Pediente<\/strong><\/td>\n<td style=\"text-align: center;\"><strong>R<sup>2<\/sup><\/strong><\/td>\n<td style=\"text-align: center;\"><strong>\u0394AIC<\/strong><\/td>\n<td style=\"text-align: center;\"><strong>Pendiente<\/strong><\/td>\n<td style=\"text-align: center;\"><strong>\u0394AIC<\/strong><\/td>\n<\/tr>\n<tr style=\"text-align: justify;\">\n<td style=\"text-align: center;\">SST<\/td>\n<td style=\"text-align: center;\"><strong>0.134<\/strong><\/td>\n<td style=\"text-align: center;\">0.36<\/td>\n<td style=\"text-align: center;\">0.00<\/td>\n<td style=\"text-align: center;\"><strong>0.068<\/strong><\/td>\n<td style=\"text-align: center;\">3.98<\/td>\n<\/tr>\n<tr style=\"text-align: justify;\">\n<td style=\"text-align: center;\">PP<\/td>\n<td style=\"text-align: center;\"><strong>&lt;0.001<\/strong><\/td>\n<td style=\"text-align: center;\">0.35<\/td>\n<td style=\"text-align: center;\">0.59<\/td>\n<td style=\"text-align: center;\"><strong>&lt;0.001<\/strong><\/td>\n<td style=\"text-align: center;\">0.00<\/td>\n<\/tr>\n<tr style=\"text-align: justify;\">\n<td style=\"text-align: center;\">D<\/td>\n<td style=\"text-align: center;\">-2.724<\/td>\n<td style=\"text-align: center;\">0.15<\/td>\n<td style=\"text-align: center;\">7.12<\/td>\n<td style=\"text-align: center;\">-0.168<\/td>\n<td style=\"text-align: center;\">3.02<\/td>\n<\/tr>\n<tr>\n<td style=\"text-align: center;\">MLR<\/td>\n<td style=\"text-align: center;\">-0.184<\/td>\n<td style=\"text-align: center;\">0.24<\/td>\n<td style=\"text-align: center;\">4.36<\/td>\n<td style=\"text-align: center;\">-0.004<\/td>\n<td style=\"text-align: center;\">3.02<\/td>\n<\/tr>\n<\/tbody>\n<\/table>\n<p>&nbsp;<\/p>\n","protected":false},"excerpt":{"rendered":"<p>La relaci\u00f3n entre\u00a0los patrones macroecologicos observados a los cambios en la temperatura de la superficie del mar (SST), productividad primaria (Chl-a), y complejidad de la costa (D), a lo largo de la costa de Chile La temperatura superficial del mar (SST), productividad primaria (PP) y complejidad de la costa (D) estuvieron todos muy asociados con [&hellip;]<\/p>\n","protected":false},"author":1,"featured_media":0,"parent":275,"menu_order":0,"comment_status":"closed","ping_status":"closed","template":"","meta":{"footnotes":""},"class_list":["post-310","page","type-page","status-publish","czr-hentry"],"_links":{"self":[{"href":"https:\/\/meiochile.matthewlee.org\/index.php?rest_route=\/wp\/v2\/pages\/310","targetHints":{"allow":["GET"]}}],"collection":[{"href":"https:\/\/meiochile.matthewlee.org\/index.php?rest_route=\/wp\/v2\/pages"}],"about":[{"href":"https:\/\/meiochile.matthewlee.org\/index.php?rest_route=\/wp\/v2\/types\/page"}],"author":[{"embeddable":true,"href":"https:\/\/meiochile.matthewlee.org\/index.php?rest_route=\/wp\/v2\/users\/1"}],"replies":[{"embeddable":true,"href":"https:\/\/meiochile.matthewlee.org\/index.php?rest_route=%2Fwp%2Fv2%2Fcomments&post=310"}],"version-history":[{"count":2,"href":"https:\/\/meiochile.matthewlee.org\/index.php?rest_route=\/wp\/v2\/pages\/310\/revisions"}],"predecessor-version":[{"id":312,"href":"https:\/\/meiochile.matthewlee.org\/index.php?rest_route=\/wp\/v2\/pages\/310\/revisions\/312"}],"up":[{"embeddable":true,"href":"https:\/\/meiochile.matthewlee.org\/index.php?rest_route=\/wp\/v2\/pages\/275"}],"wp:attachment":[{"href":"https:\/\/meiochile.matthewlee.org\/index.php?rest_route=%2Fwp%2Fv2%2Fmedia&parent=310"}],"curies":[{"name":"wp","href":"https:\/\/api.w.org\/{rel}","templated":true}]}}