{"id":317,"date":"2016-06-07T01:30:16","date_gmt":"2016-06-07T01:30:16","guid":{"rendered":"http:\/\/newsite.matthewlee.org\/?page_id=317"},"modified":"2016-06-07T01:30:16","modified_gmt":"2016-06-07T01:30:16","slug":"discusion-de-los-patrones-macroecologicos-observados-en-un-contexto-regional-y-global","status":"publish","type":"page","link":"https:\/\/meiochile.matthewlee.org\/?page_id=317","title":{"rendered":"Discusi\u00f3n de los Patrones Macroecologicos Observados en un Contexto Regional y Global"},"content":{"rendered":"<p style=\"text-align: justify;\">Una revisi\u00f3n de la literatura indica que la riqueza de especies de nematodos a lo lago de la costa de Chile en general aumenta con aumentos de la latitud. Sin embargo, es posible a interpretar este patr\u00f3n como una distribuci\u00f3n con una forma encorvada con un m\u00e1ximo cerca 41 \u00b0S a 42 \u00b0S. La distribuci\u00f3n de las muestras disponible en la literatura tienen un sesgo hacia la regi\u00f3n entre 40 \u00b0S y 44 \u00b0S, por ende es dif\u00edcil a determinar si esta forma encorvada en la distribuci\u00f3n es causada por un artefacto de muestreo o por una falta de muestras al sur de 44\u00b0. Es notable que el an\u00e1lisis de la diversidad de otros invertebrados a lo largo de la costa de Chile frecuentemente muestra una hondonada en diversidad entre 44 \u00b0S y 50 \u00b0S (e.j. Valdovinos et al., 2003). Esta hondonada puede ser el resultado de la falta de muestras de esa regi\u00f3n que es muy inaccesible. Un gradiente donde la riqueza de especies aumenta hacia las latitudes altas es conocido como un gradiente inverso. Estos gradientes inversos fueron encontrados para algas (Santelices &amp; Marquet, 1998) y algunos otros taxones de invertebrados a lo lago de la costa de Chile (Lancelotti &amp; Vasquez, 2000 (Porifera, Amphipoda, Isopoda, Echinoderma &amp; Ascidacea), Valdovinos et al., 2003 (Mollusca), Hernandez et al., 2005 (Polychaeta)). Sin embargo, gradientes \u2018cl\u00e1sicos\u2019, un gradiente donde la riqueza de especies disminuye hacia latitudes altas fueron encontrados para otros invertebrados (Lancelotti &amp; Vasquez, 2000 (Cnidaria, Polychaeta, Mollusca, Dec\u00e1poda, y la macrofauna en general), Rivadeneira et al., 2002 (Mollusca herbivoros), Astorga et al., 2003 (Anomura y Brachyura), Rivadeneira et al., 2011 (crust\u00e1ceos Peracaridos)). Fern\u00e1ndez et al. (2009) sugiri\u00f3 que grupos que muestran desarrollo directo como los nematodos, aumentan en riqueza de especies con aumentos en latitud. Adem\u00e1s sugiri\u00f3 que especies con desarrollo indirecto y presencia de larvas pel\u00e1gicas disminuyen en riqueza de especies con aumentos de latitud. Basados en la evidencia del presente proyecto, con nematodos de playas arenosas expuestas, los resultados no apoyan esta predicci\u00f3n. Un problema con muchos de los estudios de macroecolog\u00eda a lo largo de la costa de Chile es que los datos del norte y sur de 40\u00ba son de h\u00e1bitats muy distintos, y por ende el gradiente observado puede ser una consecuencia de realizar comparaciones entre diferentes tipos de h\u00e1bitats o diferentes condiciones oceanogr\u00e1ficos asociadas a estos que no est\u00e1n asociados con la latitud. Entre 18 \u00baS y 40 \u00baS la costa de Chile consiste principalmente de ambientes expuestos, playas rocosas o playas arenosas. No hay secciones de la costa protegidas y pocos estuarios grandes. Solo al sur de 40\u00ba, marcado geogr\u00e1ficamente por el canal de Chacao, hay costa compleja y h\u00e1bitats verdaderamente protegidos. La costa compleja al sur de 40\u00ba puede favorecer la presencia de especies con desarrollo directo en desmedro de la presencia de especies con dispersi\u00f3n pel\u00e1gica. Esto \u00faltimo como consecuencia que el potencial de dispersi\u00f3n de larvas pel\u00e1gicas dentro de complejo sistema de fiordos y canales puedes ser muy limitado comparado con la costa expuesta al norte de 40\u00ba que presenta pocas barreras a dispersi\u00f3n. Sin embargo, muestras de sitios protegidos tienes ensambles de nematodos muy abundantes (datos preliminares) y esta informaci\u00f3n puede cambiar la direcci\u00f3n del gradiente cuando toda la costa (18 \u00baS a 56 \u00baS), y todos los tipos de h\u00e1bitats sedimentarios est\u00e9n considerados. Adem\u00e1s, la costa expuesta claramente existe al sur de 40\u00ba pero esta es en general inaccesible por razones de la geograf\u00eda.<\/p>\n<p style=\"text-align: justify;\">SST es la variable ambiental que m\u00e1s probablemente explica el patr\u00f3n observado, y por ende muestra evidencia que apoya la hip\u00f3tesis de energ\u00eda ambiente. Cuando los nematodos son cultivados en el laboratorio bajo diferentes reg\u00edmenes de temperatura, aquellos cultivados en las temperaturas m\u00e1s bajas crecen m\u00e1s lento, pero llegan a tama\u00f1os corporales m\u00e1s grandes (Van Voorhies, 1996). Los nematodos son en su mayor\u00eda muy peque\u00f1os y se reproducen constantemente durante todo el a\u00f1o. La duraci\u00f3n de los ciclos reproductivos de nematodos es muy variable, desde algunos d\u00edas hasta m\u00e1s de un a\u00f1o (Heip et al., 1985). Es muy probable que los nematodos que viven en aguas fr\u00edas crezcan m\u00e1s lento y tomen m\u00e1s tiempo para llegar a la madurez sexual, por ende el numero de ciclos reproductivos por a\u00f1o sea menor y restringiendo as\u00ed el crecimiento de la populaci\u00f3n. Es muy probable que la temperatura influya en la riqueza de especies, una especie no puede colonizar un sitio o persistir en un sitio cuando la temperatura cae bajo la temperatura \u00f3ptima para la especies. Hay dos posibilidades, la especie no tiene la capacidad fisiol\u00f3gica para habitar el sitio, o la temperatura baja retrasa el ciclo reproductivo hasta un punto donde el tama\u00f1o de la poblaci\u00f3n es tan bajo que la especies es vulnerable a sufrir extinci\u00f3n local.<\/p>\n<p style=\"text-align: justify;\">En el caso del patr\u00f3n de la abundancia de los nematodos con latitud, hay evidencia para apoyar al hip\u00f3tesis de energ\u00eda ambiente. Pero cuando el an\u00e1lisis es controlado por autocorrelaci\u00f3n espacial la hip\u00f3tesis m\u00e1s apoyada es la hip\u00f3tesis de productividad. Sin embargo, la pendiente de la regresi\u00f3n entre abundancia y PP es casi plana indicando que hay una relaci\u00f3n pero esta no est\u00e1 asociada con latitud. Esto es porque abundancia disminuy\u00f3 hacia latitudes m\u00e1s altas pero PP aumento hacia latitudes m\u00e1s altas.<\/p>\n<p style=\"text-align: justify;\">El patr\u00f3n de variaci\u00f3n en el tama\u00f1o promedio del rango de distribuci\u00f3n con latitud apoya la regla de Rapoport (Stevens, 1989). Esta indica la posibilidad que la fauna de nematodos que viven en playas arenosas expuestas a lo largo de la costa de Chile tienen sus origines en latitudes bajas y que se han dispersado a latitudes m\u00e1s altas. Esto tambi\u00e9n apoya la hip\u00f3tesis que la temperatura limita la dispersi\u00f3n de nematodos a latitudes m\u00e1s altas.<\/p>\n","protected":false},"excerpt":{"rendered":"<p>Una revisi\u00f3n de la literatura indica que la riqueza de especies de nematodos a lo lago de la costa de Chile en general aumenta con aumentos de la latitud. Sin embargo, es posible a interpretar este patr\u00f3n como una distribuci\u00f3n con una forma encorvada con un m\u00e1ximo cerca 41 \u00b0S a 42 \u00b0S. La distribuci\u00f3n [&hellip;]<\/p>\n","protected":false},"author":1,"featured_media":0,"parent":275,"menu_order":0,"comment_status":"closed","ping_status":"closed","template":"","meta":{"footnotes":""},"class_list":["post-317","page","type-page","status-publish","czr-hentry"],"_links":{"self":[{"href":"https:\/\/meiochile.matthewlee.org\/index.php?rest_route=\/wp\/v2\/pages\/317","targetHints":{"allow":["GET"]}}],"collection":[{"href":"https:\/\/meiochile.matthewlee.org\/index.php?rest_route=\/wp\/v2\/pages"}],"about":[{"href":"https:\/\/meiochile.matthewlee.org\/index.php?rest_route=\/wp\/v2\/types\/page"}],"author":[{"embeddable":true,"href":"https:\/\/meiochile.matthewlee.org\/index.php?rest_route=\/wp\/v2\/users\/1"}],"replies":[{"embeddable":true,"href":"https:\/\/meiochile.matthewlee.org\/index.php?rest_route=%2Fwp%2Fv2%2Fcomments&post=317"}],"version-history":[{"count":1,"href":"https:\/\/meiochile.matthewlee.org\/index.php?rest_route=\/wp\/v2\/pages\/317\/revisions"}],"predecessor-version":[{"id":318,"href":"https:\/\/meiochile.matthewlee.org\/index.php?rest_route=\/wp\/v2\/pages\/317\/revisions\/318"}],"up":[{"embeddable":true,"href":"https:\/\/meiochile.matthewlee.org\/index.php?rest_route=\/wp\/v2\/pages\/275"}],"wp:attachment":[{"href":"https:\/\/meiochile.matthewlee.org\/index.php?rest_route=%2Fwp%2Fv2%2Fmedia&parent=317"}],"curies":[{"name":"wp","href":"https:\/\/api.w.org\/{rel}","templated":true}]}}