{"id":343,"date":"2016-06-07T14:31:55","date_gmt":"2016-06-07T14:31:55","guid":{"rendered":"http:\/\/newsite.matthewlee.org\/?page_id=343"},"modified":"2020-06-25T13:06:13","modified_gmt":"2020-06-25T13:06:13","slug":"proyecto-flamencos","status":"publish","type":"page","link":"https:\/\/meiochile.matthewlee.org\/?page_id=343","title":{"rendered":"Proyecto Flamencos"},"content":{"rendered":"<h2>Presentaci\u00f3n<\/h2>\n<figure class=\"wp-block-embed wp-block-embed-youtube is-type-video is-provider-youtube epyt-figure\"><div class=\"wp-block-embed__wrapper\"><iframe loading=\"lazy\"  id=\"_ytid_93347\"  width=\"1140\" height=\"641\"  data-origwidth=\"1140\" data-origheight=\"641\" src=\"https:\/\/www.youtube.com\/embed\/8XUxRHXK4t0?enablejsapi=1&autoplay=0&cc_load_policy=0&cc_lang_pref=&iv_load_policy=1&loop=0&rel=1&fs=1&playsinline=0&autohide=2&theme=dark&color=red&controls=1&disablekb=0&\" class=\"__youtube_prefs__  no-lazyload\" title=\"YouTube player\"  allow=\"fullscreen; accelerometer; autoplay; clipboard-write; encrypted-media; gyroscope; picture-in-picture; web-share\" referrerpolicy=\"strict-origin-when-cross-origin\" allowfullscreen data-no-lazy=\"1\" data-skipgform_ajax_framebjll=\"\"><\/iframe><\/div><\/figure>\n<h2 class=\"entry-title\" style=\"text-align: justify;\">Publicaci\u00f3n<\/h2>\n<p>Lee, M.R. &amp; Mayorga-Dussarrat, J. (2016): The impact of feeding\u00a0by Chilean flamingos (Phoenicopterus chilensis) on the meiofaunal assemblage of a tidal flat.\u00a0<em>Marine Biology Research<\/em>, <a href=\"http:\/\/dx.doi.org\/10.1080\/17451000.2016.1228975\">DOI: 10.1080\/17451000.2016.1228975<\/a><\/p>\n<h2 class=\"entry-title\">Marco teorico<\/h2>\n<div class=\"entry-content\">\n<p style=\"text-align: justify;\">Los flamencos del genero\u00a0<em>Phoenicopterus<\/em>\u00a0son aves de gran tama\u00f1o corporal que se alimentan en \u00e1reas estuarinas y\u00a0zonas marino costeras protegidas. Como consecuencia de sus tama\u00f1os y altas densidades las poblaciones de\u00a0flamencos provocan un impacto significativo sobre las comunidades bent\u00f3nicas de los sedimentos (Glassom &amp; Branch\u00a01997a, 1997b; Est\u00e9 &amp; Casler 2000). Los efectos de la alimentaci\u00f3n de los flamencos sobre el ambiente bent\u00f3nica han\u00a0sido estudiadas en Sud-\u00c1frica (Glassom &amp; Branch 1997a, 1997b), Venezuela (Est\u00e9 &amp; Casler 2000) y Chile (Cifuentes\u00a02006). Los flamencos son bioperturbadores de las planicies marinas que potencialmente pueden tener un impacto\u00a0significativo sobre las comunidades bent\u00f3nicas. El impacto de\u00a0<em>Phoenicopterus chilensis<\/em>\u00a0(Fig. 1) sobre la macrofauna\u00a0de Caul\u00edn ha sido estudiado por Cifuentes (2006). El presente proyecto propone un estudio del impacto de la\u00a0alimentaci\u00f3n de los flamencos sobre los ensambles meiobenticos.<\/p>\n<div id=\"attachment_1355\" class=\"wp-caption aligncenter\" style=\"text-align: justify;\">\n<p><a href=\"http:\/\/meiochile.matthewlee.org\/wp-content\/uploads\/2016\/06\/Phoenicopterus_chilensis.jpg\"><img loading=\"lazy\" decoding=\"async\" class=\"aligncenter size-full wp-image-968\" src=\"http:\/\/meiochile.matthewlee.org\/wp-content\/uploads\/2016\/06\/Phoenicopterus_chilensis.jpg\" alt=\"phoenicopterus_chilensis\" width=\"600\" height=\"429\" srcset=\"https:\/\/meiochile.matthewlee.org\/wp-content\/uploads\/2016\/06\/Phoenicopterus_chilensis.jpg 600w, https:\/\/meiochile.matthewlee.org\/wp-content\/uploads\/2016\/06\/Phoenicopterus_chilensis-300x215.jpg 300w\" sizes=\"auto, (max-width: 600px) 100vw, 600px\" \/><\/a><\/p>\n<p class=\"wp-caption-text\"><strong>Figura 1<\/strong>. Cuatro flamencos (Phoenicopterus chilensis, Molina 1782) aliment\u00e1ndose en la planicie marina de Caul\u00edn.<\/p>\n<\/div>\n<p style=\"text-align: justify;\">El flamenco chileno,\u00a0<em>Phoenicopterus chilensis<\/em>\u00a0(Molina 1782), est\u00e1 presente en diversas regiones del cono sur de\u00a0Am\u00e9rica del Sur, tales como Chile, Argentina, Bolivia, Per\u00fa, y Paraguay; con escasas presencia en Uruguay, Brasil,\u00a0Ecuador y las islas Falklands. Un censo de la poblaci\u00f3n realizado en 2010 contabiliza 283.000 individuos, y la\u00a0poblaci\u00f3n real fue estimada a 300.000 individuos. Su h\u00e1bitat natural es planicies marinas, marismas, estuarios,\u00a0lagunas y salares hasta 4500 m de altitud. Su estado de conservaci\u00f3n seg\u00fan el IUCN es \u201cnear threatened\u201d (casi en\u00a0amenaza), debi\u00f3 a la recolecci\u00f3n de sus huevos, extracci\u00f3n de aguas subterr\u00e1neas, actividades de la industria minera,\u00a0y la degradaci\u00f3n y p\u00e9rdida de su h\u00e1bitat en general (<a href=\"http:\/\/www.birdlife.org\/datazone\/speciesfactsheet.php?id=3770\">http:\/\/www.birdlife.org\/datazone\/speciesfactsheet.php?id=3770<\/a>).<\/p>\n<p style=\"text-align: justify;\">La Bah\u00eda de Caul\u00edn est\u00e1 ubicada en la costa norte de la Gran Isla de Chilo\u00e9, en el lado sur del Canal de Chacao\u00a0(Latitud 41\u00b0 49\u2032 20\u201d S, Longitud 073\u00b0 37\u2032 19\u201d W). La bah\u00eda tiene aproximadamente 3800 m de largo y 1600 m de\u00a0ancho, y su entrada esta casi cerrada por la presencia de una isla y un banco de arena, dejando dos canales de\u00a0intercambio con el Canal de Chacao de 170 m y 780 m respectivamente. La planicie marina que extiende dentro de la\u00a0bah\u00eda est\u00e1 siendo utilizada por un gran variedad de p\u00e1jaros migratorios como un \u00e1rea de alimentaci\u00f3n y descanso. La\u00a0bah\u00eda es la zona principal del Santuario de Aves de Caul\u00edn (destacado en el programa de televisi\u00f3n \u201cTierra Adentro\u201d\u00a0(Programa 1, 2010)). Los flamencos llegan a la planicie de Caul\u00edn en oto\u00f1o donde permenecen hasta primavera. La\u00a0fecha exacta de la llegada es variable, por ejemplo en 2003 llegaron en abril y estuvieron hasta diciembre (Cifuentes\u00a02006). Sin embargo este a\u00f1o (2012) durante una visita a Caul\u00edn en Octubre no se avist\u00f3 ning\u00fan flamenco (observaci\u00f3n\u00a0personal). Durante 2003 la densidad m\u00e1xima de flamencos presentes en Caul\u00edn era 489 individuos, de los cuales\u00a0aproximadamente tres cuartos eran adultos (Cifuentes 2006), durante un muestreo en mayo de 2009 (Fondecyt\u00a01080033), se observaron alrededor de 500 individuos (observaci\u00f3n personal).<\/p>\n<p style=\"text-align: justify;\">Los flamencos se alimentan por filtrado de agua y sedimentos con las lamelas de su pico. \u00c9stas, en el caso de\u00a0<em>P.\u00a0chilensis,<\/em>\u00a0tienen espacios entre 80 y 900 um, dependendo de sus posiciones (proximal o distal) en el pico (Mascitti &amp;\u00a0Kravetz 2002). En aguas someras (10 cm) el flamenco camina en un c\u00edrculos, removiendo el sedimento con sus\u00a0patas, mientras sumerge su cabeza filtrando la mezcla de agua y sedimentos. El sedimento una vez que pasa por el\u00a0filtro cae a un lado. El resultado es la formaci\u00f3n de un anillo de alimentaci\u00f3n en la superficie del sedimento, con un\u00a0mont\u00edculo en su borde interior (Fig. 2). Los anillos de alimentaci\u00f3n se encuentran en densidades alrededor de 14 por\u00a025 m<sup>2<\/sup> , y tienen un di\u00e1metro aproximado de 100 cm (Cifuentes 2006).<\/p>\n<p style=\"text-align: justify;\"><figure class=\"wp-block-embed wp-block-embed-youtube is-type-video is-provider-youtube epyt-figure\"><div class=\"wp-block-embed__wrapper\"><iframe loading=\"lazy\"  id=\"_ytid_40131\"  width=\"1140\" height=\"641\"  data-origwidth=\"1140\" data-origheight=\"641\" src=\"https:\/\/www.youtube.com\/embed\/3XzsE75_TZw?enablejsapi=1&autoplay=0&cc_load_policy=0&cc_lang_pref=&iv_load_policy=1&loop=0&rel=1&fs=1&playsinline=0&autohide=2&theme=dark&color=red&controls=1&disablekb=0&\" class=\"__youtube_prefs__  no-lazyload\" title=\"YouTube player\"  allow=\"fullscreen; accelerometer; autoplay; clipboard-write; encrypted-media; gyroscope; picture-in-picture; web-share\" referrerpolicy=\"strict-origin-when-cross-origin\" allowfullscreen data-no-lazy=\"1\" data-skipgform_ajax_framebjll=\"\"><\/iframe><\/div><\/figure><\/p>\n<p style=\"text-align: justify;\">Evidencias sobre las dietas de p\u00e1jaros que habitan las playas indica que la mayor\u00eda tienen como presa a invertebrados\u00a0que caen en el rango de tama\u00f1o que define la macrofauna. Sin embargo, se ha observado qu para algunas especies\u00a0la meiofauna pueden estar incluida en su dieta. Por ejemplo, Kuwae et al. (2008) informaron que la Western Sandpiper\u00a0(<em>Calidris mauri<\/em>), una especie de playero, consume la biopel\u00edcula que crece sobre sedimentos y esta fuente de alimento\u00a0puede satisfacer hasta 50% de sus necesidades diarias de energ\u00eda. Si pueden consumir la biopel\u00edcula es muy\u00a0probable que tambi\u00e9n consuman meiofauna. Existen tambi\u00e9n evidencias de que peque\u00f1os invertebrados pueden\u00a0pasar por el tracto alimenticio de un p\u00e1jaro y sobrevivir, lo que se ha sido propuestos como un modo de dispersi\u00f3n\u00a0para invertebrados peque\u00f1os (Proctor &amp; Malone 1965, Figuerola et al. 2005, van Leeuwen et al. 2012). Esta evidencia\u00a0tambi\u00e9n implica que los invertebrados peque\u00f1os, incluyendo la meiofauna, son consumidos por varias especies de\u00a0p\u00e1jaros. Es complejo determinar si los p\u00e1jaros est\u00e1n depredando espec\u00edficamente la meiofauna o est\u00e1n consumiendo\u00a0incidentalmente la meiofauna. La \u00fanica investigaci\u00f3n sobre el impacto de la alimentaci\u00f3n de los flamencos sobre la\u00a0meiofauna fue publicado por Glassom &amp; Branch (1997b). Ellos reportaron como resultados de sus estudios que las\u00a0repuestas del ensamble meiobent\u00f3nico fueron ambiguas o inexistentes. Sin embargo, tambi\u00e9n indican que la\u00a0meiofauna muestra una recuperaci\u00f3n r\u00e1pida tras la perturbaci\u00f3n. El dise\u00f1o de sus experimento no tenia la resoluci\u00f3n\u00a0temporal necesaria para determinar el verdadero efecto de las actividades de los flamencos sobre el ensamble\u00a0meiobent\u00f3nico. Cuando los flamencos filtran los sedimentos en el ensamble meiobent\u00f3nico pueden suceder dos\u00a0cosas. La primera es que el meiobentos sea filtrado y consumido; la segunda, que el meiobentos pase a trav\u00e9s del\u00a0filtro de los flamencos y sea desplazado hacia los bordes de los anillos. Para determinar cual de los dos situaciones\u00a0sucede es necesario realizar el muestreo inmediatamente despu\u00e9s de la bioperturbaci\u00f3n, dado que durante la subida\u00a0de la siguiente marea los anillos se llenar\u00e1n nuevamente con sedimentos y se reinstalar\u00e1 el ensamble de meiobentos.<\/p>\n<div id=\"attachment_1357\" class=\"wp-caption aligncenter\" style=\"text-align: justify;\">\n<p>&nbsp;<\/p>\n<p class=\"wp-caption-text\"><strong><a href=\"http:\/\/meiochile.matthewlee.org\/wp-content\/uploads\/2016\/06\/Feeding_rings-1.jpg\"><img loading=\"lazy\" decoding=\"async\" class=\"aligncenter size-full wp-image-969\" src=\"http:\/\/meiochile.matthewlee.org\/wp-content\/uploads\/2016\/06\/Feeding_rings-1.jpg\" alt=\"feeding_rings\" width=\"600\" height=\"450\" srcset=\"https:\/\/meiochile.matthewlee.org\/wp-content\/uploads\/2016\/06\/Feeding_rings-1.jpg 600w, https:\/\/meiochile.matthewlee.org\/wp-content\/uploads\/2016\/06\/Feeding_rings-1-300x225.jpg 300w\" sizes=\"auto, (max-width: 600px) 100vw, 600px\" \/><\/a>Figura 2.<\/strong> Anillo de alimentaci\u00f3n producido por los flamencos en Caul\u00edn. Tiene un di\u00e1metro aproximado de 1 metro,\u00a0con un mont\u00edculo de sedimento filtrado en su centro. Los n\u00fameros indican el grado de bioperturbaci\u00f3n: 1 = \u00e1rea no\u00a0perturbada; 2 = el borde exterior del anillo, menos perturbado; 3 = el borde interior del anillo o mont\u00edculo, perturbado; y\u00a04 = el anillo de alimentaci\u00f3n, altamente perturbado.<\/p>\n<\/div>\n<p style=\"text-align: justify;\">Como mencionan Glassom &amp; Branch (1997b) el ensamble meiobent\u00f3nico tiene la capacidad de recuperarse\u00a0r\u00e1pidamente despu\u00e9s de una perturbaci\u00f3n. Esta observaci\u00f3n, es frecuente en la literatura para todos los tipos de\u00a0perturbaci\u00f3n, f\u00edsica (Johnson et al. 2007) a biol\u00f3gico (Olafsson &amp; Ndaro 1997), natural (Sherman et al. 1983) y\u00a0antropog\u00e9nica (Fegley 1988). La mayor\u00eda de la meiofauna no nada activamente y tiende a permanencer en el\u00a0sedimento, a excepci\u00f3n de la especies epibent\u00f3nicas, como peque\u00f1os crust\u00e1ceos (Armonies 1988). Por ende, el modo\u00a0principal de dispersi\u00f3n de la meiofauna es en la mayor\u00eda de los casos pasiva y dependiente de eventos al azar o\u00a0estoc\u00e1sticos. Muchas especies meiobent\u00f3nicas utilizan estrategias para mantenerse en el sedimento, tales como el\u00a0sistema duo-gland que permite al individuo adherirse o desprenderse de las part\u00edculas de sedimento seg\u00fan les\u00a0convenga. Por tanto, cuando hay un transporte de sedimentos, por corrientes por ejemplo, la meiofauna est\u00e1 siendo\u00a0transportada con el sedimento (Palmer 1988). Otro mecanismo posible, que funciona a menor escala, es la difusi\u00f3n, o\u00a0sea el movimiento activo de la meiofauna dentro del ambiente intersticial en la b\u00fasqueda de nuevos fuentes de\u00a0alimentaci\u00f3n. Mediante ambos mecanismos desaparecen los mont\u00edculos en el centro del anillo y los anillos se llenan\u00a0por la acciones de las mareas y corrientes sobre la planicie. Por ende, estas \u00e1reas de sedimento defaunado son\u00a0recolonizadas bastante r\u00e1pido.<\/p>\n<p style=\"text-align: justify;\">Basado en esta descripci\u00f3n del modo de alimentaci\u00f3n de los flamencos en Caul\u00edn, hay dos posibles impactos para el\u00a0ensamble de meiobentos. La primera es que el meiobentos forme parte de la dieta de los flamencos, y por ende las\u00a0actividades de alimentaci\u00f3n de los flamencos reducen sus abundancias. La segunda es que el meiobentos no forme\u00a0parte de la dieta de los flamencos, y por tanto las actividades de alimentaci\u00f3n de los flamencos simplemente\u00a0desplazan el meiobentos a cortas distancias. El objetivo principal de esta investigaci\u00f3n es determinar cual de los dos\u00a0escenarios es correcto. Como objetivos secundarios, esta investigaci\u00f3n pretende determinar la velocidad de\u00a0recolonizaci\u00f3n de los anillos de alimentaci\u00f3n, y si la alimentaci\u00f3n de los flamencos tiene efectos estacionales sobre el\u00a0ensamble meiobent\u00f3nica.<\/p>\n<h3 style=\"text-align: justify;\"><strong>Bibliograf\u00eda:<\/strong><\/h3>\n<p style=\"text-align: justify;\">Armonies, W. (1988) Active emergence of meiofauna from intertidal sediment.\u00a0<em>Marine Ecology Progress Series<\/em>.\u00a0<strong>43<\/strong>:151-159.<\/p>\n<p style=\"text-align: justify;\">Cifuentes, SL (2006) Efecto depredaci\u00f3n\/bioperturbaci\u00f3n del Flamenco Chileno\u00a0<em>Phoenicopterus chilensis<\/em>\u00a0(Molina\u00a01782) (Phoenicopteridae, Ciconiiformes) y la variabilidad espacio-temporal del macrobentos en una planicie\u00a0intermareal de la Isla Grande de Chilo\u00e9, Sur de Chile. Tesis de Doctorado, Universidad Austral de Chile, Valdivia. 112\u00a0pp.<\/p>\n<p style=\"text-align: justify;\">Est\u00e9, E. &amp; Casler, C. (2000) Abundance of benthic macroinvertebrates in Caribbean flamingo feeding areas at Los\u00a0Olivitos wildlife refuge, Western Venezuela. In:\u00a0<em>Waterbirds<\/em>. Baldassarre, G., Arengo, F. &amp; Bildstein, K. (eds). Special\u00a0Publication\u00a0<strong>23<\/strong>:87-102.<\/p>\n<p style=\"text-align: justify;\">Fegley, S. (1988) A comparison of meiofaunal settelment onto the sediment surface and recolonization of defaunated\u00a0sandy sediment.\u00a0<em>Journal of Experimental Marine Biology and Ecology<\/em>.\u00a0<strong>123<\/strong>:97-113.<\/p>\n<p style=\"text-align: justify;\">Figuerola, J., Green, A. &amp; Michot, T. (2005) Invertebrate eggs can fly: evidence of waterfowl-mediated gene flow in\u00a0aquatic invertebrates.\u00a0<em>The American Naturalist.<\/em>\u00a0<strong>165<\/strong>:274-280.<\/p>\n<p style=\"text-align: justify;\">Glassom, D. &amp; Branch, G. (1997a) Impact of predation by Greater Flamingos\u00a0<em>Phoenicopterus ruber<\/em>\u00a0on the\u00a0macroinfuana of two southern African lagoons.\u00a0<em>Marine Ecology Progress Series<\/em>.\u00a0<strong>149<\/strong>:1-12.<\/p>\n<p style=\"text-align: justify;\">Glassom, D. &amp; Branch, G. (1997b) Impact of predation by Greater Flamingos\u00a0<em>Phoenicopterus ruber<\/em>\u00a0on the meiofauna,\u00a0microflora, and sediment properties of two southern African lagoons.<em>\u00a0Marine Ecology Progress Series<\/em>.\u00a0<strong>150<\/strong>:1-10.<\/p>\n<p style=\"text-align: justify;\">Johnson, G., Atrill, M., Sheehan, E. &amp; Somerfield, P. (2007) Recovery of meiofauna communities following mudflat\u00a0disturbance by trampling associated with crab-tiling.\u00a0<em>Marine Environmental Research<\/em>.\u00a0<strong>64<\/strong>:409-416.<\/p>\n<p style=\"text-align: justify;\">Kuwae, T., Beninger, P., Decottignies, P., Mathor, K., Lund, D. &amp; Elner, R. (2008) Biofilm grazing in a higher\u00a0vertebrate: the Western Sandpiper,\u00a0<em>Calidris mauri<\/em>.\u00a0<em>Ecology<\/em>.\u00a0<strong>89<\/strong>:599-606.<\/p>\n<p style=\"text-align: justify;\">Mascitti, V. &amp; Kravetz, FO. (2002) Bill morphology of South American Flamingos.\u00a0<em>The Condor<\/em>.\u00a0<strong>104<\/strong>:73-83.<\/p>\n<p style=\"text-align: justify;\">Olafsson, E. &amp; Ndaro, S. (1997) Impact of the mangrove crabs\u00a0<em>Uca annulipes<\/em>\u00a0and\u00a0<em>Dotilla fenestrata<\/em>\u00a0on meiobenthos.\u00a0<em>Marine Ecology Progress Series<\/em>.\u00a0<strong>158<\/strong>:225-231.<\/p>\n<p style=\"text-align: justify;\">Palmer, M. (1988) Dispersal of marine meiofauna: a review and conceptual model explaining passive transport and\u00a0active emergence with implications for recruitment.\u00a0<em>Marine Ecology Progress Series<\/em>.\u00a0<strong>48<\/strong>:81-91.<\/p>\n<p style=\"text-align: justify;\">Proctor, V. &amp; Malone, C (1965) Further evidence of the passive dispersal of small aquatic organisms via the intestinal\u00a0tract of birds.\u00a0<em>Ecology<\/em>.\u00a0<strong>46<\/strong>:728-729.<\/p>\n<p style=\"text-align: justify;\">Sherman, K., Reidenaur, J., Thistle, D. &amp; Meeter, D. (1983) Role of a natural disturbance in an assemblage of marine\u00a0free-living nematodes.\u00a0<em>Marine Ecology Progress Series<\/em>.\u00a0<strong>11<\/strong>:23-30.<\/p>\n<p style=\"text-align: justify;\">van Leeuwen, C., van der Velde, G., van Groenendael, J. &amp; Klaassen, M. (2012) Gut travelers: internal dispersal of\u00a0aquatic organisms by waterfowl.\u00a0<em>Journal of Biogeography<\/em>.\u00a0<strong>39<\/strong>:2031-2040.<\/p>\n<\/div>\n","protected":false},"excerpt":{"rendered":"<p>Presentaci\u00f3n Publicaci\u00f3n Lee, M.R. &amp; Mayorga-Dussarrat, J. (2016): The impact of feeding\u00a0by Chilean flamingos (Phoenicopterus chilensis) on the meiofaunal assemblage of a tidal flat.\u00a0Marine Biology Research, DOI: 10.1080\/17451000.2016.1228975 Marco teorico Los flamencos del genero\u00a0Phoenicopterus\u00a0son aves de gran tama\u00f1o corporal que se alimentan en \u00e1reas estuarinas y\u00a0zonas marino costeras protegidas. Como consecuencia de sus tama\u00f1os y [&hellip;]<\/p>\n","protected":false},"author":1,"featured_media":0,"parent":99,"menu_order":0,"comment_status":"closed","ping_status":"closed","template":"","meta":{"footnotes":""},"class_list":["post-343","page","type-page","status-publish","czr-hentry"],"_links":{"self":[{"href":"https:\/\/meiochile.matthewlee.org\/index.php?rest_route=\/wp\/v2\/pages\/343","targetHints":{"allow":["GET"]}}],"collection":[{"href":"https:\/\/meiochile.matthewlee.org\/index.php?rest_route=\/wp\/v2\/pages"}],"about":[{"href":"https:\/\/meiochile.matthewlee.org\/index.php?rest_route=\/wp\/v2\/types\/page"}],"author":[{"embeddable":true,"href":"https:\/\/meiochile.matthewlee.org\/index.php?rest_route=\/wp\/v2\/users\/1"}],"replies":[{"embeddable":true,"href":"https:\/\/meiochile.matthewlee.org\/index.php?rest_route=%2Fwp%2Fv2%2Fcomments&post=343"}],"version-history":[{"count":6,"href":"https:\/\/meiochile.matthewlee.org\/index.php?rest_route=\/wp\/v2\/pages\/343\/revisions"}],"predecessor-version":[{"id":2121,"href":"https:\/\/meiochile.matthewlee.org\/index.php?rest_route=\/wp\/v2\/pages\/343\/revisions\/2121"}],"up":[{"embeddable":true,"href":"https:\/\/meiochile.matthewlee.org\/index.php?rest_route=\/wp\/v2\/pages\/99"}],"wp:attachment":[{"href":"https:\/\/meiochile.matthewlee.org\/index.php?rest_route=%2Fwp%2Fv2%2Fmedia&parent=343"}],"curies":[{"name":"wp","href":"https:\/\/api.w.org\/{rel}","templated":true}]}}