{"id":739,"date":"2016-09-03T21:29:52","date_gmt":"2016-09-03T21:29:52","guid":{"rendered":"http:\/\/meiochile.matthewlee.org\/?page_id=739"},"modified":"2016-09-03T21:29:52","modified_gmt":"2016-09-03T21:29:52","slug":"cephalaspidea","status":"publish","type":"page","link":"https:\/\/meiochile.matthewlee.org\/?page_id=739","title":{"rendered":"Cephalaspidea"},"content":{"rendered":"<table cellspacing=\"20\" align=\"center\">\n<tbody>\n<tr>\n<td align=\"center\" valign=\"middle\" width=\"97\" height=\"13\"><b>Family<\/b><\/td>\n<td align=\"center\" valign=\"middle\" width=\"94\" height=\"13\"><b>Genus<\/b><\/td>\n<td align=\"center\" valign=\"middle\" width=\"80\" height=\"13\"><b>Species<\/b><\/td>\n<td align=\"center\" valign=\"middle\" width=\"128\" height=\"13\"><b>Authority<\/b><\/td>\n<td align=\"center\" valign=\"middle\" width=\"85\" height=\"13\"><b>Distribution<\/b><\/td>\n<td align=\"center\" valign=\"middle\" width=\"124\" height=\"13\"><b>References<\/b><\/td>\n<\/tr>\n<tr>\n<td align=\"left\" valign=\"middle\" width=\"97\" height=\"13\">Bullidae<\/td>\n<td align=\"left\" valign=\"middle\" width=\"94\" height=\"13\"><i>Bulla<\/i><\/td>\n<td align=\"left\" valign=\"middle\" width=\"80\" height=\"13\"><i>punctulata<\/i><\/td>\n<td align=\"left\" valign=\"middle\" width=\"128\" height=\"13\">Adams\u00a01850<\/td>\n<td align=\"left\" valign=\"middle\" width=\"85\" height=\"13\">Continental<\/td>\n<td align=\"left\" valign=\"middle\" width=\"124\" height=\"13\"><a href=\"#guzman98\">Guzm\u00e1n\u00a0et\u00a0al.,\u00a01998<\/a><\/td>\n<\/tr>\n<tr>\n<td align=\"left\" valign=\"middle\" width=\"97\" height=\"13\">Diaphanidae<\/td>\n<td align=\"left\" valign=\"middle\" width=\"94\" height=\"13\"><i>Diaphana<\/i><\/td>\n<td align=\"left\" valign=\"middle\" width=\"80\" height=\"13\"><i>paessleri<\/i><\/td>\n<td align=\"left\" valign=\"middle\" width=\"128\" height=\"13\">(Strebel\u00a01905)<\/td>\n<td align=\"left\" valign=\"middle\" width=\"85\" height=\"13\">Continental<\/td>\n<td align=\"left\" valign=\"middle\" width=\"124\" height=\"13\"><a href=\"#valdovinos99\">Valdovinos,\u00a01999<\/a><\/td>\n<\/tr>\n<tr>\n<td align=\"left\" valign=\"middle\" width=\"97\" height=\"13\">Diaphanidae<\/td>\n<td align=\"left\" valign=\"middle\" width=\"94\" height=\"13\"><i>Toledonia<\/i><\/td>\n<td align=\"left\" valign=\"middle\" width=\"80\" height=\"13\"><i>limnaeaformis<\/i><\/td>\n<td align=\"left\" valign=\"middle\" width=\"128\" height=\"13\">(Smith\u00a01879)<\/td>\n<td align=\"left\" valign=\"middle\" width=\"85\" height=\"13\">Continental<\/td>\n<td align=\"left\" valign=\"middle\" width=\"124\" height=\"13\"><a href=\"#valdovinos99\">Valdovinos,\u00a01999<\/a><\/td>\n<\/tr>\n<tr>\n<td align=\"left\" valign=\"middle\" width=\"97\" height=\"13\">Smaragdinellidae<\/td>\n<td align=\"left\" valign=\"middle\" width=\"94\" height=\"13\"><i>Phanerophthalmus<\/i><\/td>\n<td align=\"left\" valign=\"middle\" width=\"80\" height=\"13\">sp.<\/td>\n<td align=\"left\" valign=\"middle\" width=\"128\" height=\"13\"><\/td>\n<td align=\"left\" valign=\"middle\" width=\"85\" height=\"13\">Pacific\u00a0Islands<\/td>\n<td align=\"left\" valign=\"middle\" width=\"124\" height=\"13\"><a href=\"#valdovinos99\">Valdovinos,\u00a01999<\/a><\/td>\n<\/tr>\n<tr>\n<td align=\"left\" valign=\"middle\" width=\"97\" height=\"13\">Smaragdinellidae<\/td>\n<td align=\"left\" valign=\"middle\" width=\"94\" height=\"13\"><i>Smaragdinella<\/i><\/td>\n<td align=\"left\" valign=\"middle\" width=\"80\" height=\"13\"><i>calyculata<\/i><\/td>\n<td align=\"left\" valign=\"middle\" width=\"128\" height=\"13\">Broderip\u00a0&amp;\u00a0Sowerby\u00a01829<\/td>\n<td align=\"left\" valign=\"middle\" width=\"85\" height=\"13\">Pacific\u00a0Islands<\/td>\n<td align=\"left\" valign=\"middle\" width=\"124\" height=\"13\"><a href=\"#osorio89\">Osorio\u00a0&amp;\u00a0Cantuarias,\u00a01989<\/a><\/td>\n<\/tr>\n<tr>\n<td align=\"left\" valign=\"middle\" width=\"97\" height=\"13\">Aglajidae<\/td>\n<td align=\"left\" valign=\"middle\" width=\"94\" height=\"13\"><i>Aglaja<\/i><\/td>\n<td align=\"left\" valign=\"middle\" width=\"80\" height=\"13\"><i>maculata<\/i><\/td>\n<td align=\"left\" valign=\"middle\" width=\"128\" height=\"13\">(d&#8217;Orbigny\u00a01837)<\/td>\n<td align=\"left\" valign=\"middle\" width=\"85\" height=\"13\">Continental<\/td>\n<td align=\"left\" valign=\"middle\" width=\"124\" height=\"13\"><a href=\"#valdovinos99\">Valdovinos,\u00a01999<\/a><\/td>\n<\/tr>\n<tr>\n<td align=\"left\" valign=\"middle\" width=\"97\" height=\"13\">Cylichnidae<\/td>\n<td align=\"left\" valign=\"middle\" width=\"94\" height=\"13\"><i>Cylichna<\/i><\/td>\n<td align=\"left\" valign=\"middle\" width=\"80\" height=\"13\"><i>georgiana<\/i><\/td>\n<td align=\"left\" valign=\"middle\" width=\"128\" height=\"13\">(Strebel\u00a01908)<\/td>\n<td align=\"left\" valign=\"middle\" width=\"85\" height=\"13\">Continental<\/td>\n<td align=\"left\" valign=\"middle\" width=\"124\" height=\"13\"><a href=\"#valdovinos99\">Valdovinos,\u00a01999<\/a><\/td>\n<\/tr>\n<tr>\n<td align=\"left\" valign=\"middle\" width=\"97\" height=\"13\">Cylichnidae<\/td>\n<td align=\"left\" valign=\"middle\" width=\"94\" height=\"13\"><i>Scaphander<\/i><\/td>\n<td align=\"left\" valign=\"middle\" width=\"80\" height=\"13\"><i>interruptus<\/i><\/td>\n<td align=\"left\" valign=\"middle\" width=\"128\" height=\"13\">Dall\u00a01890<\/td>\n<td align=\"left\" valign=\"middle\" width=\"85\" height=\"13\">Continental<\/td>\n<td align=\"left\" valign=\"middle\" width=\"124\" height=\"13\"><a href=\"#valdovinos99\">Valdovinos,\u00a01999<\/a><\/td>\n<\/tr>\n<tr>\n<td align=\"left\" valign=\"middle\" width=\"97\" height=\"13\">Retusidae<\/td>\n<td align=\"left\" valign=\"middle\" width=\"94\" height=\"13\"><i>Retusa<\/i><\/td>\n<td align=\"left\" valign=\"middle\" width=\"80\" height=\"13\"><i>pusilla<\/i><\/td>\n<td align=\"left\" valign=\"middle\" width=\"128\" height=\"13\">Pease<\/td>\n<td align=\"left\" valign=\"middle\" width=\"85\" height=\"13\">Pacific\u00a0Islands<\/td>\n<td align=\"left\" valign=\"middle\" width=\"124\" height=\"13\"><a href=\"#osorio89\">Osorio\u00a0&amp;\u00a0Cantuarias,\u00a01989<\/a><\/td>\n<\/tr>\n<\/tbody>\n<\/table>\n<p>&nbsp;<\/p>\n<h2 style=\"text-align: left;\" align=\"center\"><strong>References<\/strong><\/h2>\n<p><a name=\"guzman98\"><\/a><\/p>\n<div align=\"justify\">Guzm\u00e1n, N., Sa\u00e1, S. &amp; Ortlieb, L. (1998) Cat\u00e1logo descriptivo de los Moluscos Litorales (Gastropoda y Pelecypoda) de la zona de Antofagasta, 23\u00b0S (Chile)<\/div>\n<p><a name=\"osorio89\"><\/a><\/p>\n<div align=\"justify\">Osorio, C. &amp; Cantuarias, V. (1989) Vertical distribution of Mollusks on the rocky intertidal of Easter Island. <em>Pacific Science<\/em>, <strong>43<\/strong>:302-315.<\/div>\n<p><a name=\"valdovinos99\"><\/a><\/p>\n<div align=\"justify\">Valdovinos, C. (1999) Biodiviersidad de moluscos chilenos: base de datos taxonomica y distribucional. <em>Gayana Zoologica<\/em>, <strong>63<\/strong>:111-164.<\/div>\n","protected":false},"excerpt":{"rendered":"<p>Family Genus Species Authority Distribution References Bullidae Bulla punctulata Adams\u00a01850 Continental Guzm\u00e1n\u00a0et\u00a0al.,\u00a01998 Diaphanidae Diaphana paessleri (Strebel\u00a01905) Continental Valdovinos,\u00a01999 Diaphanidae Toledonia limnaeaformis (Smith\u00a01879) Continental Valdovinos,\u00a01999 Smaragdinellidae Phanerophthalmus sp. Pacific\u00a0Islands Valdovinos,\u00a01999 Smaragdinellidae Smaragdinella calyculata Broderip\u00a0&amp;\u00a0Sowerby\u00a01829 Pacific\u00a0Islands Osorio\u00a0&amp;\u00a0Cantuarias,\u00a01989 Aglajidae Aglaja maculata (d&#8217;Orbigny\u00a01837) Continental Valdovinos,\u00a01999 Cylichnidae Cylichna georgiana (Strebel\u00a01908) Continental Valdovinos,\u00a01999 Cylichnidae Scaphander interruptus Dall\u00a01890 Continental Valdovinos,\u00a01999 Retusidae Retusa [&hellip;]<\/p>\n","protected":false},"author":1,"featured_media":0,"parent":608,"menu_order":0,"comment_status":"closed","ping_status":"closed","template":"","meta":{"footnotes":""},"class_list":["post-739","page","type-page","status-publish","czr-hentry"],"_links":{"self":[{"href":"https:\/\/meiochile.matthewlee.org\/index.php?rest_route=\/wp\/v2\/pages\/739","targetHints":{"allow":["GET"]}}],"collection":[{"href":"https:\/\/meiochile.matthewlee.org\/index.php?rest_route=\/wp\/v2\/pages"}],"about":[{"href":"https:\/\/meiochile.matthewlee.org\/index.php?rest_route=\/wp\/v2\/types\/page"}],"author":[{"embeddable":true,"href":"https:\/\/meiochile.matthewlee.org\/index.php?rest_route=\/wp\/v2\/users\/1"}],"replies":[{"embeddable":true,"href":"https:\/\/meiochile.matthewlee.org\/index.php?rest_route=%2Fwp%2Fv2%2Fcomments&post=739"}],"version-history":[{"count":1,"href":"https:\/\/meiochile.matthewlee.org\/index.php?rest_route=\/wp\/v2\/pages\/739\/revisions"}],"predecessor-version":[{"id":740,"href":"https:\/\/meiochile.matthewlee.org\/index.php?rest_route=\/wp\/v2\/pages\/739\/revisions\/740"}],"up":[{"embeddable":true,"href":"https:\/\/meiochile.matthewlee.org\/index.php?rest_route=\/wp\/v2\/pages\/608"}],"wp:attachment":[{"href":"https:\/\/meiochile.matthewlee.org\/index.php?rest_route=%2Fwp%2Fv2%2Fmedia&parent=739"}],"curies":[{"name":"wp","href":"https:\/\/api.w.org\/{rel}","templated":true}]}}