{"id":811,"date":"2016-09-03T22:06:04","date_gmt":"2016-09-03T22:06:04","guid":{"rendered":"http:\/\/meiochile.matthewlee.org\/?page_id=811"},"modified":"2016-09-03T22:06:04","modified_gmt":"2016-09-03T22:06:04","slug":"stomatopoda","status":"publish","type":"page","link":"https:\/\/meiochile.matthewlee.org\/?page_id=811","title":{"rendered":"Stomatopoda"},"content":{"rendered":"<table cellspacing=\"20\" align=\"center\">\n<tbody>\n<tr>\n<td align=\"center\" valign=\"middle\" width=\"89\" height=\"13\"><b>Family<\/b><\/td>\n<td align=\"center\" valign=\"middle\" width=\"87\" height=\"13\"><b>Genus<\/b><\/td>\n<td align=\"center\" valign=\"middle\" width=\"65\" height=\"13\"><b>Species<\/b><\/td>\n<td align=\"center\" valign=\"middle\" width=\"104\" height=\"13\"><b>Authority<\/b><\/td>\n<td align=\"center\" valign=\"middle\" width=\"84\" height=\"13\"><b>Distribution<\/b><\/td>\n<td align=\"center\" valign=\"middle\" width=\"130\" height=\"13\"><b>References<\/b><\/td>\n<\/tr>\n<tr>\n<td align=\"left\" valign=\"middle\" width=\"89\" height=\"13\">Hemisquillidae<\/td>\n<td align=\"left\" valign=\"middle\" width=\"87\" height=\"13\"><i>Hemisquilla<\/i><\/td>\n<td align=\"left\" valign=\"middle\" width=\"65\" height=\"13\"><i>ensigera<\/i><\/td>\n<td align=\"left\" valign=\"middle\" width=\"104\" height=\"13\">Owen,\u00a01832<\/td>\n<td align=\"left\" valign=\"middle\" width=\"84\" height=\"13\">Pacific\u00a0Islands<\/td>\n<td align=\"left\" valign=\"middle\" width=\"130\" height=\"13\"><a href=\"#rozbaczylo87\">Rozbaczylo\u00a0&amp;\u00a0Castilla,\u00a01987<\/a><\/td>\n<\/tr>\n<tr>\n<td align=\"left\" valign=\"middle\" width=\"89\" height=\"13\">Pseudosquillidae<\/td>\n<td align=\"left\" valign=\"middle\" width=\"87\" height=\"13\"><i>Pseudosquillopsis<\/i><\/td>\n<td align=\"left\" valign=\"middle\" width=\"65\" height=\"13\"><i>lessoni<\/i><\/td>\n<td align=\"left\" valign=\"middle\" width=\"104\" height=\"13\">(Gu\u00e9rin,\u00a01830)<\/td>\n<td align=\"left\" valign=\"middle\" width=\"84\" height=\"13\">Pacific\u00a0Islands<\/td>\n<td align=\"left\" valign=\"middle\" width=\"130\" height=\"13\"><a href=\"#rozbaczylo87\">Rozbaczylo\u00a0&amp;\u00a0Castilla,\u00a01987<\/a><\/td>\n<\/tr>\n<tr>\n<td align=\"left\" valign=\"middle\" width=\"89\" height=\"13\">Lysiosquillidae<\/td>\n<td align=\"left\" valign=\"middle\" width=\"87\" height=\"13\"><i>Heterosquilla<\/i><\/td>\n<td align=\"left\" valign=\"middle\" width=\"65\" height=\"13\"><i>polydactyla<\/i><\/td>\n<td align=\"left\" valign=\"middle\" width=\"104\" height=\"13\">(Von\u00a0Martens,\u00a01881)<\/td>\n<td align=\"left\" valign=\"middle\" width=\"84\" height=\"13\">Continental<\/td>\n<td align=\"left\" valign=\"middle\" width=\"130\" height=\"13\"><a href=\"#dahl53\">Dahl,\u00a01953<\/a><\/td>\n<\/tr>\n<tr>\n<td align=\"left\" valign=\"middle\" width=\"89\" height=\"13\">Nannosquillidae<\/td>\n<td align=\"left\" valign=\"middle\" width=\"87\" height=\"13\"><i>Nannosquilla<\/i><\/td>\n<td align=\"left\" valign=\"middle\" width=\"65\" height=\"13\"><i>chilensis<\/i><\/td>\n<td align=\"left\" valign=\"middle\" width=\"104\" height=\"13\">Dahl,\u00a01953<\/td>\n<td align=\"left\" valign=\"middle\" width=\"84\" height=\"13\">Continental<\/td>\n<td align=\"left\" valign=\"middle\" width=\"130\" height=\"13\"><a href=\"#dahl53\">Dahl,\u00a01953<\/a><\/td>\n<\/tr>\n<tr>\n<td align=\"left\" valign=\"middle\" width=\"89\" height=\"13\">Squillidae<\/td>\n<td align=\"left\" valign=\"middle\" width=\"87\" height=\"13\"><i>Pseudosquilla<\/i><\/td>\n<td align=\"left\" valign=\"middle\" width=\"65\" height=\"13\"><i>oxyrhyncha<\/i><\/td>\n<td align=\"left\" valign=\"middle\" width=\"104\" height=\"13\">(Borradaile 1898)<\/td>\n<td align=\"left\" valign=\"middle\" width=\"84\" height=\"13\">Pacific\u00a0Islands<\/td>\n<td align=\"left\" valign=\"middle\" width=\"130\" height=\"13\"><a href=\"#rozbaczylo87\">Rozbaczylo\u00a0&amp;\u00a0Castilla,\u00a01987<\/a><\/td>\n<\/tr>\n<tr>\n<td align=\"left\" valign=\"middle\" width=\"89\" height=\"13\">Squillidae<\/td>\n<td align=\"left\" valign=\"middle\" width=\"87\" height=\"13\"><i>Pterygosquilla<\/i><\/td>\n<td align=\"left\" valign=\"middle\" width=\"65\" height=\"13\"><i>armata<\/i><\/td>\n<td align=\"left\" valign=\"middle\" width=\"104\" height=\"13\">(Milne-Edwards,\u00a01837)<\/td>\n<td align=\"left\" valign=\"middle\" width=\"84\" height=\"13\">Continental<\/td>\n<td align=\"left\" valign=\"middle\" width=\"130\" height=\"13\"><a href=\"#dahl53\">Dahl,\u00a01953<\/a><\/td>\n<\/tr>\n<tr>\n<td align=\"left\" valign=\"middle\" width=\"89\" height=\"13\">Squillidae<\/td>\n<td align=\"left\" valign=\"middle\" width=\"87\" height=\"13\"><i>Pterygosquilla<\/i><\/td>\n<td align=\"left\" valign=\"middle\" width=\"65\" height=\"13\"><i>gracilipes<\/i><\/td>\n<td align=\"left\" valign=\"middle\" width=\"104\" height=\"13\">(Miers,\u00a01881)<\/td>\n<td align=\"left\" valign=\"middle\" width=\"84\" height=\"13\">Continental<\/td>\n<td align=\"left\" valign=\"middle\" width=\"130\" height=\"13\"><a href=\"#dahl53\">Dahl,\u00a01953<\/a><\/td>\n<\/tr>\n<tr>\n<td align=\"left\" valign=\"middle\" width=\"89\" height=\"13\">Squillidae<\/td>\n<td align=\"left\" valign=\"middle\" width=\"87\" height=\"13\"><i>Squilla<\/i><\/td>\n<td align=\"left\" valign=\"middle\" width=\"65\" height=\"13\"><i>aculeata<\/i><\/td>\n<td align=\"left\" valign=\"middle\" width=\"104\" height=\"13\">Bigelow,\u00a01893<\/td>\n<td align=\"left\" valign=\"middle\" width=\"84\" height=\"13\">Continental<\/td>\n<td align=\"left\" valign=\"middle\" width=\"130\" height=\"13\"><a href=\"#dahl53\">Dahl,\u00a01953<\/a><\/td>\n<\/tr>\n<\/tbody>\n<\/table>\n<h2 style=\"text-align: left;\" align=\"center\"><strong>References<\/strong><\/h2>\n<p><a name=\"dahl53\"><\/a><\/p>\n<div align=\"justify\">Dahl, E. (1953) The Lund University Chile Expedition. Stomatopoda. 12 p.<\/div>\n<p><a name=\"rozbaczylo87\"><\/a><\/p>\n<div align=\"justify\">Rozbaczylo, N. &amp; Castilla, J.C. (1987) Marine invertebrates from Juan Fern\u00e1ndez Archipelago. In: Castilla, J.C. (ed) Islas oce\u00e1nicas chilenas: conocimiento cient\u00edfico y necesidades de investigaciones. 167-190. Ediciones Universidad Cat\u00f3lica de Chile, Santiago, Chile.<\/div>\n","protected":false},"excerpt":{"rendered":"<p>Family Genus Species Authority Distribution References Hemisquillidae Hemisquilla ensigera Owen,\u00a01832 Pacific\u00a0Islands Rozbaczylo\u00a0&amp;\u00a0Castilla,\u00a01987 Pseudosquillidae Pseudosquillopsis lessoni (Gu\u00e9rin,\u00a01830) Pacific\u00a0Islands Rozbaczylo\u00a0&amp;\u00a0Castilla,\u00a01987 Lysiosquillidae Heterosquilla polydactyla (Von\u00a0Martens,\u00a01881) Continental Dahl,\u00a01953 Nannosquillidae Nannosquilla chilensis Dahl,\u00a01953 Continental Dahl,\u00a01953 Squillidae Pseudosquilla oxyrhyncha (Borradaile 1898) Pacific\u00a0Islands Rozbaczylo\u00a0&amp;\u00a0Castilla,\u00a01987 Squillidae Pterygosquilla armata (Milne-Edwards,\u00a01837) Continental Dahl,\u00a01953 Squillidae Pterygosquilla gracilipes (Miers,\u00a01881) Continental Dahl,\u00a01953 Squillidae Squilla aculeata Bigelow,\u00a01893 Continental Dahl,\u00a01953 [&hellip;]<\/p>\n","protected":false},"author":1,"featured_media":0,"parent":789,"menu_order":0,"comment_status":"closed","ping_status":"closed","template":"","meta":{"footnotes":""},"class_list":["post-811","page","type-page","status-publish","czr-hentry"],"_links":{"self":[{"href":"https:\/\/meiochile.matthewlee.org\/index.php?rest_route=\/wp\/v2\/pages\/811","targetHints":{"allow":["GET"]}}],"collection":[{"href":"https:\/\/meiochile.matthewlee.org\/index.php?rest_route=\/wp\/v2\/pages"}],"about":[{"href":"https:\/\/meiochile.matthewlee.org\/index.php?rest_route=\/wp\/v2\/types\/page"}],"author":[{"embeddable":true,"href":"https:\/\/meiochile.matthewlee.org\/index.php?rest_route=\/wp\/v2\/users\/1"}],"replies":[{"embeddable":true,"href":"https:\/\/meiochile.matthewlee.org\/index.php?rest_route=%2Fwp%2Fv2%2Fcomments&post=811"}],"version-history":[{"count":1,"href":"https:\/\/meiochile.matthewlee.org\/index.php?rest_route=\/wp\/v2\/pages\/811\/revisions"}],"predecessor-version":[{"id":812,"href":"https:\/\/meiochile.matthewlee.org\/index.php?rest_route=\/wp\/v2\/pages\/811\/revisions\/812"}],"up":[{"embeddable":true,"href":"https:\/\/meiochile.matthewlee.org\/index.php?rest_route=\/wp\/v2\/pages\/789"}],"wp:attachment":[{"href":"https:\/\/meiochile.matthewlee.org\/index.php?rest_route=%2Fwp%2Fv2%2Fmedia&parent=811"}],"curies":[{"name":"wp","href":"https:\/\/api.w.org\/{rel}","templated":true}]}}