{"id":910,"date":"2016-09-04T13:47:36","date_gmt":"2016-09-04T13:47:36","guid":{"rendered":"http:\/\/meiochile.matthewlee.org\/?page_id=910"},"modified":"2016-09-04T13:47:36","modified_gmt":"2016-09-04T13:47:36","slug":"priapulida-list","status":"publish","type":"page","link":"https:\/\/meiochile.matthewlee.org\/?page_id=910","title":{"rendered":"Priapulida (List)"},"content":{"rendered":"<table cellspacing=\"20\" align=\"center\">\n<tbody>\n<tr>\n<td align=\"center\" valign=\"middle\" width=\"65\" height=\"13\"><strong>Family<\/strong><\/td>\n<td align=\"center\" valign=\"middle\" width=\"88\" height=\"13\"><strong>Genus<\/strong><\/td>\n<td align=\"center\" valign=\"middle\" width=\"101\" height=\"13\"><strong>Species<\/strong><\/td>\n<td align=\"center\" valign=\"middle\" width=\"87\" height=\"13\"><strong>Authority<\/strong><\/td>\n<td align=\"center\" valign=\"middle\" width=\"65\" height=\"13\"><strong>Distribution<\/strong><\/td>\n<td align=\"center\" valign=\"middle\" width=\"73\" height=\"13\"><strong>References<\/strong><\/td>\n<\/tr>\n<tr>\n<td align=\"left\" valign=\"middle\" width=\"65\" height=\"13\">Priapulidae<\/td>\n<td align=\"left\" valign=\"middle\" width=\"88\" height=\"13\"><i>Acanthopriapulus<\/i><\/td>\n<td align=\"left\" valign=\"middle\" width=\"101\" height=\"13\"><i>horridus<\/i><\/td>\n<td align=\"left\" valign=\"middle\" width=\"87\" height=\"13\">(Thiel\u00a01911)<\/td>\n<td align=\"left\" valign=\"middle\" width=\"65\" height=\"13\">Continental<\/td>\n<td align=\"left\" valign=\"middle\" width=\"73\" height=\"13\"><a href=\"#seilfeld02\">Seilfeld,\u00a02002<\/a><\/td>\n<\/tr>\n<tr>\n<td align=\"left\" valign=\"middle\" width=\"65\" height=\"13\">Priapulidae<\/td>\n<td align=\"left\" valign=\"middle\" width=\"88\" height=\"13\"><i>Priapulopsis<\/i><\/td>\n<td align=\"left\" valign=\"middle\" width=\"101\" height=\"13\"><i>australis<\/i><\/td>\n<td align=\"left\" valign=\"middle\" width=\"87\" height=\"13\">(De\u00a0Guerne\u00a01888)<\/td>\n<td align=\"left\" valign=\"middle\" width=\"65\" height=\"13\">Continental<\/td>\n<td align=\"left\" valign=\"middle\" width=\"73\" height=\"13\"><a href=\"#seilfeld02\">Seilfeld,\u00a02002<\/a><\/td>\n<\/tr>\n<tr>\n<td align=\"left\" valign=\"middle\" width=\"65\" height=\"13\">Priapulidae<\/td>\n<td align=\"left\" valign=\"middle\" width=\"88\" height=\"13\"><i>Priapulus<\/i><\/td>\n<td align=\"left\" valign=\"middle\" width=\"101\" height=\"13\"><i>abyssorum<\/i><\/td>\n<td align=\"left\" valign=\"middle\" width=\"87\" height=\"13\">Menzies\u00a01959<\/td>\n<td align=\"left\" valign=\"middle\" width=\"65\" height=\"13\">Continental<\/td>\n<td align=\"left\" valign=\"middle\" width=\"73\" height=\"13\"><a href=\"#seilfeld02\">Seilfeld,\u00a02002<\/a><\/td>\n<\/tr>\n<tr>\n<td align=\"left\" valign=\"middle\" width=\"65\" height=\"13\">Priapulidae<\/td>\n<td align=\"left\" valign=\"middle\" width=\"88\" height=\"13\"><i>Priapulus<\/i><\/td>\n<td align=\"left\" valign=\"middle\" width=\"101\" height=\"13\"><i>tuberculatospinosus<\/i><\/td>\n<td align=\"left\" valign=\"middle\" width=\"87\" height=\"13\">Baird\u00a01868<\/td>\n<td align=\"left\" valign=\"middle\" width=\"65\" height=\"13\">Continental<\/td>\n<td align=\"left\" valign=\"middle\" width=\"73\" height=\"13\"><a href=\"#seilfeld02\">Seilfeld,\u00a02002<\/a><\/td>\n<\/tr>\n<\/tbody>\n<\/table>\n<p>&nbsp;<\/p>\n<h2 style=\"text-align: left;\" align=\"center\"><strong>References<\/strong><\/h2>\n<p><a name=\"seilfeld02\"><\/a><\/p>\n<div align=\"justify\">Sielfeld, W. (2002) Phylum Priapulida. Gu\u00edas de Identificaci\u00f3n y Biodiversidad Fauna Chilena. Apuntes de Zoolog\u00eda, Universidad Arturo Prat, Iquique, Chile. 2 pp.<\/div>\n","protected":false},"excerpt":{"rendered":"<p>Family Genus Species Authority Distribution References Priapulidae Acanthopriapulus horridus (Thiel\u00a01911) Continental Seilfeld,\u00a02002 Priapulidae Priapulopsis australis (De\u00a0Guerne\u00a01888) Continental Seilfeld,\u00a02002 Priapulidae Priapulus abyssorum Menzies\u00a01959 Continental Seilfeld,\u00a02002 Priapulidae Priapulus tuberculatospinosus Baird\u00a01868 Continental Seilfeld,\u00a02002 &nbsp; References Sielfeld, W. (2002) Phylum Priapulida. Gu\u00edas de Identificaci\u00f3n y Biodiversidad Fauna Chilena. Apuntes de Zoolog\u00eda, Universidad Arturo Prat, Iquique, Chile. 2 pp.<\/p>\n","protected":false},"author":1,"featured_media":0,"parent":459,"menu_order":0,"comment_status":"closed","ping_status":"closed","template":"","meta":{"footnotes":""},"class_list":["post-910","page","type-page","status-publish","czr-hentry"],"_links":{"self":[{"href":"https:\/\/meiochile.matthewlee.org\/index.php?rest_route=\/wp\/v2\/pages\/910","targetHints":{"allow":["GET"]}}],"collection":[{"href":"https:\/\/meiochile.matthewlee.org\/index.php?rest_route=\/wp\/v2\/pages"}],"about":[{"href":"https:\/\/meiochile.matthewlee.org\/index.php?rest_route=\/wp\/v2\/types\/page"}],"author":[{"embeddable":true,"href":"https:\/\/meiochile.matthewlee.org\/index.php?rest_route=\/wp\/v2\/users\/1"}],"replies":[{"embeddable":true,"href":"https:\/\/meiochile.matthewlee.org\/index.php?rest_route=%2Fwp%2Fv2%2Fcomments&post=910"}],"version-history":[{"count":1,"href":"https:\/\/meiochile.matthewlee.org\/index.php?rest_route=\/wp\/v2\/pages\/910\/revisions"}],"predecessor-version":[{"id":911,"href":"https:\/\/meiochile.matthewlee.org\/index.php?rest_route=\/wp\/v2\/pages\/910\/revisions\/911"}],"up":[{"embeddable":true,"href":"https:\/\/meiochile.matthewlee.org\/index.php?rest_route=\/wp\/v2\/pages\/459"}],"wp:attachment":[{"href":"https:\/\/meiochile.matthewlee.org\/index.php?rest_route=%2Fwp%2Fv2%2Fmedia&parent=910"}],"curies":[{"name":"wp","href":"https:\/\/api.w.org\/{rel}","templated":true}]}}