{"id":930,"date":"2016-09-04T13:58:29","date_gmt":"2016-09-04T13:58:29","guid":{"rendered":"http:\/\/meiochile.matthewlee.org\/?page_id=930"},"modified":"2016-09-04T13:58:29","modified_gmt":"2016-09-04T13:58:29","slug":"enteropnuesta","status":"publish","type":"page","link":"https:\/\/meiochile.matthewlee.org\/?page_id=930","title":{"rendered":"Enteropnuesta"},"content":{"rendered":"<table cellspacing=\"20\" align=\"center\">\n<tbody>\n<tr>\n<td align=\"center\" valign=\"middle\" width=\"84\" height=\"13\"><b>Family<\/b><\/td>\n<td align=\"center\" valign=\"middle\" width=\"75\" height=\"13\"><b>Genus<\/b><\/td>\n<td align=\"center\" valign=\"middle\" width=\"65\" height=\"13\"><b>Species<\/b><\/td>\n<td align=\"center\" valign=\"middle\" width=\"93\" height=\"13\"><b>Authority<\/b><\/td>\n<td align=\"center\" valign=\"middle\" width=\"71\" height=\"13\"><b>Distribution<\/b><\/td>\n<td align=\"center\" valign=\"middle\" width=\"65\" height=\"13\"><b>References<\/b><\/td>\n<\/tr>\n<tr>\n<td align=\"left\" valign=\"middle\" width=\"84\" height=\"13\">Ptychoderidae<\/td>\n<td align=\"left\" valign=\"middle\" width=\"75\" height=\"13\"><i>Ptychodera<\/i><\/td>\n<td align=\"left\" valign=\"middle\" width=\"65\" height=\"13\"><i>flava<\/i><\/td>\n<td align=\"left\" valign=\"middle\" width=\"93\" height=\"13\">Eschscholtz\u00a01825<\/td>\n<td align=\"left\" valign=\"middle\" width=\"71\" height=\"13\">Continental<\/td>\n<td colspan=\"2\" align=\"left\" valign=\"middle\" width=\"65\" height=\"13\"><a href=\"#sielfeld00\">Sielfeld,\u00a02000<\/a><\/td>\n<\/tr>\n<tr>\n<td align=\"left\" valign=\"middle\" width=\"84\" height=\"13\">Spengelidae<\/td>\n<td align=\"left\" valign=\"middle\" width=\"75\" height=\"13\"><i>Schizocardium<\/i><\/td>\n<td align=\"left\" valign=\"middle\" width=\"65\" height=\"13\"><i>peruvianum<\/i><\/td>\n<td align=\"left\" valign=\"middle\" width=\"93\" height=\"13\">(Spengel\u00a01893)<\/td>\n<td align=\"left\" valign=\"middle\" width=\"71\" height=\"13\">Continental<\/td>\n<td colspan=\"2\" align=\"left\" valign=\"middle\" width=\"65\" height=\"13\"><a href=\"#sielfeld00\">Sielfeld,\u00a02000<\/a><\/td>\n<\/tr>\n<\/tbody>\n<\/table>\n<p>&nbsp;<\/p>\n<h2 style=\"text-align: left;\" align=\"center\"><strong>References<\/strong><\/h2>\n<p><a name=\"sielfeld00\"><\/a><\/p>\n<div align=\"justify\">Sielfeld, W. 2000. Phylum Hemichordata. Gu\u00edas de Identificaci\u00f3n y Biodiversidad Fauna Chilena. Apuntes de Zoolog\u00eda, Universidad Arturo Prat, Iquique, Chile. 4 pp.<\/div>\n","protected":false},"excerpt":{"rendered":"<p>Family Genus Species Authority Distribution References Ptychoderidae Ptychodera flava Eschscholtz\u00a01825 Continental Sielfeld,\u00a02000 Spengelidae Schizocardium peruvianum (Spengel\u00a01893) Continental Sielfeld,\u00a02000 &nbsp; References Sielfeld, W. 2000. Phylum Hemichordata. Gu\u00edas de Identificaci\u00f3n y Biodiversidad Fauna Chilena. Apuntes de Zoolog\u00eda, Universidad Arturo Prat, Iquique, Chile. 4 pp.<\/p>\n","protected":false},"author":1,"featured_media":0,"parent":459,"menu_order":0,"comment_status":"closed","ping_status":"closed","template":"","meta":{"footnotes":""},"class_list":["post-930","page","type-page","status-publish","czr-hentry"],"_links":{"self":[{"href":"https:\/\/meiochile.matthewlee.org\/index.php?rest_route=\/wp\/v2\/pages\/930","targetHints":{"allow":["GET"]}}],"collection":[{"href":"https:\/\/meiochile.matthewlee.org\/index.php?rest_route=\/wp\/v2\/pages"}],"about":[{"href":"https:\/\/meiochile.matthewlee.org\/index.php?rest_route=\/wp\/v2\/types\/page"}],"author":[{"embeddable":true,"href":"https:\/\/meiochile.matthewlee.org\/index.php?rest_route=\/wp\/v2\/users\/1"}],"replies":[{"embeddable":true,"href":"https:\/\/meiochile.matthewlee.org\/index.php?rest_route=%2Fwp%2Fv2%2Fcomments&post=930"}],"version-history":[{"count":1,"href":"https:\/\/meiochile.matthewlee.org\/index.php?rest_route=\/wp\/v2\/pages\/930\/revisions"}],"predecessor-version":[{"id":931,"href":"https:\/\/meiochile.matthewlee.org\/index.php?rest_route=\/wp\/v2\/pages\/930\/revisions\/931"}],"up":[{"embeddable":true,"href":"https:\/\/meiochile.matthewlee.org\/index.php?rest_route=\/wp\/v2\/pages\/459"}],"wp:attachment":[{"href":"https:\/\/meiochile.matthewlee.org\/index.php?rest_route=%2Fwp%2Fv2%2Fmedia&parent=930"}],"curies":[{"name":"wp","href":"https:\/\/api.w.org\/{rel}","templated":true}]}}