{"id":945,"date":"2016-09-04T14:34:47","date_gmt":"2016-09-04T14:34:47","guid":{"rendered":"http:\/\/meiochile.matthewlee.org\/?page_id=945"},"modified":"2016-09-04T14:36:54","modified_gmt":"2016-09-04T14:36:54","slug":"lista-de-fauna-marina-bentonica-de-la-vida-libre-de-chile","status":"publish","type":"page","link":"https:\/\/meiochile.matthewlee.org\/?page_id=945","title":{"rendered":"Lista de Fauna Marina Bent\u00f3nica de la vida-libre de Chile"},"content":{"rendered":"<p style=\"text-align: justify;\">Haga clic en cada uno de los taxones para proceder a las listas detalladas para cada grupo. NI indica que no hab\u00eda ninguna especie con informaci\u00f3n espec\u00edfica para este grupo en la literatura en el momento de la escritura. Esta lista deber\u00eda citarse como:\u00a0<strong>Lee, M.R.<\/strong>, Clarke, M., Fernandez, M.E., Gonzalez, C., Rozbaczylo, N., Valdovinos, C., Hermosilla, C., Prado, L. &amp; Castilla, J.C., (2008) Diversity of free-living benthic marine invertebrates in Chile. <em>Revista Chilena de Historia Natural,<\/em>\u00a0<strong>81<\/strong>:51-67.<\/p>\n<div align=\"center\">\n<table>\n<tbody>\n<tr>\n<td>\n<div align=\"left\"><strong>Grupo<\/strong><\/div>\n<\/td>\n<td>\n<div align=\"right\"><strong>N\u00famero de especies<\/strong><\/div>\n<\/td>\n<\/tr>\n<tr>\n<td>\n<div align=\"left\">Placozoa<\/div>\n<\/td>\n<td>\n<div align=\"right\"><strong>NI<\/strong><\/div>\n<\/td>\n<\/tr>\n<tr>\n<td>\n<div align=\"left\"><a href=\"http:\/\/meiochile.matthewlee.org\/?page_id=465\">Cnidaria<\/a><\/div>\n<\/td>\n<td>\n<div align=\"right\">273<\/div>\n<\/td>\n<\/tr>\n<tr>\n<td>\n<div align=\"left\"><a href=\"http:\/\/meiochile.matthewlee.org\/?page_id=514\">Porifera<\/a><\/div>\n<\/td>\n<td>\n<div align=\"right\">206<\/div>\n<\/td>\n<\/tr>\n<tr>\n<td>\n<div align=\"left\">Gastrotricha<\/div>\n<\/td>\n<td>\n<div align=\"right\"><strong>NI<\/strong><\/div>\n<\/td>\n<\/tr>\n<tr>\n<td>\n<div align=\"left\"><a href=\"http:\/\/meiochile.matthewlee.org\/?page_id=527\">Rotifera<\/a><\/div>\n<\/td>\n<td>\n<div align=\"right\">1<\/div>\n<\/td>\n<\/tr>\n<tr>\n<td>\n<div align=\"left\">Gnathostomulida<\/div>\n<\/td>\n<td>\n<div align=\"right\"><strong>NI<\/strong><\/div>\n<\/td>\n<\/tr>\n<tr>\n<td>\n<div align=\"left\">Cycliophora<\/div>\n<\/td>\n<td>\n<div align=\"right\"><strong>NI<\/strong><\/div>\n<\/td>\n<\/tr>\n<tr>\n<td>\n<div align=\"left\"><a href=\"http:\/\/meiochile.matthewlee.org\/?page_id=530\">Turbellaria<\/a><\/div>\n<\/td>\n<td>\n<div align=\"right\">42<\/div>\n<\/td>\n<\/tr>\n<tr>\n<td>\n<div align=\"left\"><a href=\"http:\/\/meiochile.matthewlee.org\/?page_id=533\">Polychaeta<\/a><\/div>\n<\/td>\n<td>\n<div align=\"right\">600<\/div>\n<\/td>\n<\/tr>\n<tr>\n<td>\n<div align=\"left\"><a href=\"http:\/\/meiochile.matthewlee.org\/?page_id=548\">Oligochaeta<\/a><\/div>\n<\/td>\n<td>\n<div align=\"right\">11<\/div>\n<\/td>\n<\/tr>\n<tr>\n<td>\n<div align=\"left\"><a href=\"http:\/\/meiochile.matthewlee.org\/?page_id=551\">Echiura<\/a><\/div>\n<\/td>\n<td>\n<div align=\"right\">3<\/div>\n<\/td>\n<\/tr>\n<tr>\n<td>\n<div align=\"left\"><a href=\"http:\/\/meiochile.matthewlee.org\/?page_id=554\">Bryozoa<\/a><\/div>\n<\/td>\n<td>\n<div align=\"right\">387<\/div>\n<\/td>\n<\/tr>\n<tr>\n<td>\n<div align=\"left\"><a href=\"http:\/\/meiochile.matthewlee.org\/?page_id=567\">Sipuncula<\/a><\/div>\n<\/td>\n<td>\n<div align=\"right\">17<\/div>\n<\/td>\n<\/tr>\n<tr>\n<td>\n<div align=\"left\"><a href=\"http:\/\/meiochile.matthewlee.org\/?page_id=577\">Mollusca<\/a><\/div>\n<\/td>\n<td>\n<div align=\"right\">973<\/div>\n<\/td>\n<\/tr>\n<tr>\n<td>\n<div align=\"left\"><a href=\"http:\/\/meiochile.matthewlee.org\/?page_id=767\">Nemertea<\/a><\/div>\n<\/td>\n<td>\n<div align=\"right\">57<\/div>\n<\/td>\n<\/tr>\n<tr>\n<td>\n<div align=\"left\"><a href=\"http:\/\/meiochile.matthewlee.org\/?page_id=777\">Entoprocta<\/a><\/div>\n<\/td>\n<td>\n<div align=\"right\">17<\/div>\n<\/td>\n<\/tr>\n<tr>\n<td>\n<div align=\"left\"><a href=\"http:\/\/meiochile.matthewlee.org\/?page_id=780\">Phoronida<\/a><\/div>\n<\/td>\n<td>\n<div align=\"right\">1<\/div>\n<\/td>\n<\/tr>\n<tr>\n<td>\n<div align=\"left\"><a href=\"http:\/\/meiochile.matthewlee.org\/?page_id=783\">Brachiopoda<\/a><\/div>\n<\/td>\n<td>\n<div align=\"right\">20<\/div>\n<\/td>\n<\/tr>\n<tr>\n<td>\n<div align=\"left\">Collembola<\/div>\n<\/td>\n<td>\n<div align=\"right\"><strong>NI<\/strong><\/div>\n<\/td>\n<\/tr>\n<tr>\n<td>\n<div align=\"left\"><a href=\"http:\/\/meiochile.matthewlee.org\/?page_id=786\">Insecta<\/a><\/div>\n<\/td>\n<td>\n<div align=\"right\">11<\/div>\n<\/td>\n<\/tr>\n<tr>\n<td>\n<div align=\"left\"><a href=\"http:\/\/meiochile.matthewlee.org\/?page_id=789\">Crustacea<\/a><\/div>\n<\/td>\n<td>\n<div align=\"right\">1219<\/div>\n<\/td>\n<\/tr>\n<tr>\n<td>\n<div align=\"left\"><a href=\"http:\/\/meiochile.matthewlee.org\/?page_id=869\">Chelicerata<\/a><\/div>\n<\/td>\n<td>\n<div align=\"right\">178<\/div>\n<\/td>\n<\/tr>\n<tr>\n<td>\n<div align=\"left\">Tardigrada<\/div>\n<\/td>\n<td>\n<div align=\"right\"><strong>NI<\/strong><\/div>\n<\/td>\n<\/tr>\n<tr>\n<td>\n<div align=\"left\"><a href=\"http:\/\/meiochile.matthewlee.org\/?page_id=893\">Nematoda<\/a><\/div>\n<\/td>\n<td>\n<div align=\"right\">326<\/div>\n<\/td>\n<\/tr>\n<tr>\n<td>\n<div align=\"left\"><a href=\"http:\/\/meiochile.matthewlee.org\/?page_id=907\">Kinorhyncha<\/a><\/div>\n<\/td>\n<td>\n<div align=\"right\">5<\/div>\n<\/td>\n<\/tr>\n<tr>\n<td>\n<div align=\"left\">Loricifera<\/div>\n<\/td>\n<td>\n<div align=\"right\"><strong>NI<\/strong><\/div>\n<\/td>\n<\/tr>\n<tr>\n<td>\n<div align=\"left\"><a href=\"http:\/\/meiochile.matthewlee.org\/?page_id=910\">Priapulida<\/a><\/div>\n<\/td>\n<td>\n<div align=\"right\">4<\/div>\n<\/td>\n<\/tr>\n<tr>\n<td>\n<div align=\"left\"><a href=\"http:\/\/meiochile.matthewlee.org\/?page_id=913\">Echinodermata<\/a><\/div>\n<\/td>\n<td>\n<div align=\"right\">142<\/div>\n<\/td>\n<\/tr>\n<tr>\n<td>\n<div align=\"left\"><a href=\"http:\/\/meiochile.matthewlee.org\/?page_id=927\">Pterobranchia<\/a><\/div>\n<\/td>\n<td>\n<div align=\"right\">2<\/div>\n<\/td>\n<\/tr>\n<tr>\n<td>\n<div align=\"left\"><a href=\"http:\/\/meiochile.matthewlee.org\/?page_id=930\">Enteropnuesta<\/a><\/div>\n<\/td>\n<td>\n<div align=\"right\">2<\/div>\n<\/td>\n<\/tr>\n<tr>\n<td>\n<div align=\"left\"><a href=\"http:\/\/meiochile.matthewlee.org\/?page_id=933\">Ascidiacea<\/a><\/div>\n<\/td>\n<td>\n<div align=\"right\">55<\/div>\n<\/td>\n<\/tr>\n<tr>\n<td>\n<div align=\"left\"><a href=\"http:\/\/meiochile.matthewlee.org\/?page_id=937\">Cephalocordata<\/a><\/div>\n<\/td>\n<td>\n<div align=\"right\">1<\/div>\n<\/td>\n<\/tr>\n<tr>\n<td>\n<div align=\"left\"><strong>TOTAL<\/strong><\/div>\n<\/td>\n<td>\n<div align=\"right\"><strong>4553<\/strong><\/div>\n<\/td>\n<\/tr>\n<\/tbody>\n<\/table>\n<\/div>\n","protected":false},"excerpt":{"rendered":"<p>Haga clic en cada uno de los taxones para proceder a las listas detalladas para cada grupo. NI indica que no hab\u00eda ninguna especie con informaci\u00f3n espec\u00edfica para este grupo en la literatura en el momento de la escritura. Esta lista deber\u00eda citarse como:\u00a0Lee, M.R., Clarke, M., Fernandez, M.E., Gonzalez, C., Rozbaczylo, N., Valdovinos, C., [&hellip;]<\/p>\n","protected":false},"author":1,"featured_media":0,"parent":424,"menu_order":0,"comment_status":"closed","ping_status":"closed","template":"","meta":{"footnotes":""},"class_list":["post-945","page","type-page","status-publish","czr-hentry"],"_links":{"self":[{"href":"https:\/\/meiochile.matthewlee.org\/index.php?rest_route=\/wp\/v2\/pages\/945","targetHints":{"allow":["GET"]}}],"collection":[{"href":"https:\/\/meiochile.matthewlee.org\/index.php?rest_route=\/wp\/v2\/pages"}],"about":[{"href":"https:\/\/meiochile.matthewlee.org\/index.php?rest_route=\/wp\/v2\/types\/page"}],"author":[{"embeddable":true,"href":"https:\/\/meiochile.matthewlee.org\/index.php?rest_route=\/wp\/v2\/users\/1"}],"replies":[{"embeddable":true,"href":"https:\/\/meiochile.matthewlee.org\/index.php?rest_route=%2Fwp%2Fv2%2Fcomments&post=945"}],"version-history":[{"count":2,"href":"https:\/\/meiochile.matthewlee.org\/index.php?rest_route=\/wp\/v2\/pages\/945\/revisions"}],"predecessor-version":[{"id":948,"href":"https:\/\/meiochile.matthewlee.org\/index.php?rest_route=\/wp\/v2\/pages\/945\/revisions\/948"}],"up":[{"embeddable":true,"href":"https:\/\/meiochile.matthewlee.org\/index.php?rest_route=\/wp\/v2\/pages\/424"}],"wp:attachment":[{"href":"https:\/\/meiochile.matthewlee.org\/index.php?rest_route=%2Fwp%2Fv2%2Fmedia&parent=945"}],"curies":[{"name":"wp","href":"https:\/\/api.w.org\/{rel}","templated":true}]}}